Last updated on 2025-02-16 12:53:48 CET.
Flavor | Version | Tinstall | Tcheck | Ttotal | Status | Flags |
---|---|---|---|---|---|---|
r-devel-linux-x86_64-debian-clang | 1.2.1 | 203.03 | 86.35 | 289.38 | OK | |
r-devel-linux-x86_64-debian-gcc | 1.2.1 | 186.81 | 60.47 | 247.28 | OK | |
r-devel-linux-x86_64-fedora-clang | 1.2.1 | 480.59 | OK | |||
r-devel-linux-x86_64-fedora-gcc | 1.2.1 | 625.58 | OK | |||
r-devel-macos-arm64 | 1.2.1 | 135.00 | OK | |||
r-devel-macos-x86_64 | 1.2.1 | 215.00 | OK | |||
r-devel-windows-x86_64 | 1.2.1 | 184.00 | 147.00 | 331.00 | OK | |
r-patched-linux-x86_64 | 1.2.1 | 241.84 | 81.26 | 323.10 | OK | |
r-release-linux-x86_64 | 1.2.1 | 250.69 | 81.58 | 332.27 | OK | |
r-release-macos-arm64 | 1.2.1 | 147.00 | NOTE | |||
r-release-macos-x86_64 | 1.2.1 | 259.00 | NOTE | |||
r-release-windows-x86_64 | 1.2.1 | 196.00 | 138.00 | 334.00 | NOTE | |
r-oldrel-macos-arm64 | 1.2.1 | 144.00 | NOTE | |||
r-oldrel-macos-x86_64 | 1.2.1 | 205.00 | NOTE | |||
r-oldrel-windows-x86_64 | 1.2.1 | 260.00 | 197.00 | 457.00 | NOTE |
Version: 1.2.1
Check: installed package size
Result: NOTE
installed size is 114.6Mb
sub-directories of 1Mb or more:
libs 113.8Mb
Flavors: r-release-macos-arm64, r-release-macos-x86_64, r-release-windows-x86_64, r-oldrel-macos-arm64, r-oldrel-macos-x86_64, r-oldrel-windows-x86_64
These binaries (installable software) and packages are in development.
They may not be fully stable and should be used with caution. We make no claims about them.