Last updated on 2025-02-02 19:48:30 CET.
Flavor | Version | Tinstall | Tcheck | Ttotal | Status | Flags |
---|---|---|---|---|---|---|
r-devel-linux-x86_64-debian-clang | 3.0.1 | 15.66 | 177.83 | 193.49 | NOTE | |
r-devel-linux-x86_64-debian-gcc | 3.0.1 | 10.68 | 129.18 | 139.86 | NOTE | |
r-devel-linux-x86_64-fedora-clang | 3.0.1 | 333.43 | OK | |||
r-devel-linux-x86_64-fedora-gcc | 3.0.1 | 327.71 | OK | |||
r-devel-windows-x86_64 | 3.0.1 | 16.00 | 222.00 | 238.00 | NOTE | |
r-patched-linux-x86_64 | 3.0.1 | 20.96 | 178.52 | 199.48 | OK | |
r-release-linux-x86_64 | 3.0.1 | 12.99 | 179.09 | 192.08 | OK | |
r-release-macos-arm64 | 3.0.1 | 114.00 | OK | |||
r-release-macos-x86_64 | 3.0.1 | 165.00 | OK | |||
r-release-windows-x86_64 | 3.0.1 | 17.00 | 219.00 | 236.00 | OK | |
r-oldrel-macos-arm64 | 3.0.1 | 114.00 | OK | |||
r-oldrel-macos-x86_64 | 3.0.1 | 305.00 | OK | |||
r-oldrel-windows-x86_64 | 3.0.1 | 22.00 | 264.00 | 286.00 | OK |
Version: 3.0.1
Check: Rd cross-references
Result: NOTE
Found the following Rd file(s) with Rd \link{} targets missing package
anchors:
anova.cmprsk.Rd: rms
crr.fit.Rd: rms
nomogram.mk6.Rd: rms, plot.summary.rms
summary.cmprsk.Rd: rms
Please provide package anchors for all Rd \link{} targets not in the
package itself and the base packages.
Flavors: r-devel-linux-x86_64-debian-clang, r-devel-linux-x86_64-debian-gcc, r-devel-windows-x86_64
These binaries (installable software) and packages are in development.
They may not be fully stable and should be used with caution. We make no claims about them.