Last updated on 2025-10-23 15:50:07 CEST.
Flavor | Version | Tinstall | Tcheck | Ttotal | Status | Flags |
---|---|---|---|---|---|---|
r-devel-linux-x86_64-debian-clang | 0.3.0 | 29.06 | 245.31 | 274.37 | NOTE | |
r-devel-linux-x86_64-debian-gcc | 0.3.0 | 19.21 | 153.80 | 173.01 | OK | |
r-devel-linux-x86_64-fedora-clang | 0.3.0 | 74.00 | 399.98 | 473.98 | OK | |
r-devel-linux-x86_64-fedora-gcc | 0.3.0 | 63.00 | 357.91 | 420.91 | OK | |
r-devel-windows-x86_64 | 0.3.0 | 27.00 | 187.00 | 214.00 | OK | |
r-patched-linux-x86_64 | 0.3.0 | 30.47 | 236.23 | 266.70 | OK | |
r-release-linux-x86_64 | 0.3.0 | 30.63 | 233.15 | 263.78 | OK | |
r-release-macos-arm64 | 0.3.0 | 12.00 | 76.00 | 88.00 | OK | |
r-release-macos-x86_64 | 0.3.0 | 23.00 | 170.00 | 193.00 | OK | |
r-release-windows-x86_64 | 0.3.0 | 29.00 | 189.00 | 218.00 | OK | |
r-oldrel-macos-arm64 | 0.3.0 | 10.00 | 73.00 | 83.00 | OK | |
r-oldrel-macos-x86_64 | 0.3.0 | 20.00 | 135.00 | 155.00 | OK | |
r-oldrel-windows-x86_64 | 0.3.0 | 39.00 | 258.00 | 297.00 | OK |
Version: 0.3.0
Check: HTML version of manual
Result: NOTE
Found the following HTML validation problems:
matrixInput.html:54:1 (matrixInput.Rd:14): Warning: missing </ul> before </div>
Flavor: r-devel-linux-x86_64-debian-clang
These binaries (installable software) and packages are in development.
They may not be fully stable and should be used with caution. We make no claims about them.