Last updated on 2025-02-16 10:50:55 CET.
Flavor | Version | Tinstall | Tcheck | Ttotal | Status | Flags |
---|---|---|---|---|---|---|
r-devel-linux-x86_64-debian-clang | 0.4-31 | 19.08 | 114.53 | 133.61 | NOTE | |
r-devel-linux-x86_64-debian-gcc | 0.4-31 | 13.79 | 80.82 | 94.61 | NOTE | |
r-devel-linux-x86_64-fedora-clang | 0.4-31 | 235.89 | OK | |||
r-devel-linux-x86_64-fedora-gcc | 0.4-31 | 215.48 | OK | |||
r-devel-macos-arm64 | 0.4-31 | 60.00 | OK | |||
r-devel-macos-x86_64 | 0.4-31 | 120.00 | OK | |||
r-devel-windows-x86_64 | 0.4-31 | 23.00 | 145.00 | 168.00 | NOTE | |
r-patched-linux-x86_64 | 0.4-31 | 21.33 | 107.18 | 128.51 | OK | |
r-release-linux-x86_64 | 0.4-31 | 19.16 | 109.40 | 128.56 | OK | |
r-release-macos-arm64 | 0.4-31 | 64.00 | OK | |||
r-release-macos-x86_64 | 0.4-31 | 175.00 | OK | |||
r-release-windows-x86_64 | 0.4-31 | 24.00 | 142.00 | 166.00 | OK | |
r-oldrel-macos-arm64 | 0.4-31 | 67.00 | OK | |||
r-oldrel-macos-x86_64 | 0.4-31 | 114.00 | OK | |||
r-oldrel-windows-x86_64 | 0.4-31 | 31.00 | 174.00 | 205.00 | OK |
Version: 0.4-31
Check: Rd cross-references
Result: NOTE
Found the following Rd file(s) with Rd \link{} targets missing package
anchors:
game-aux.Rd: gam
game.Rd: gam
Please provide package anchors for all Rd \link{} targets not in the
package itself and the base packages.
Flavors: r-devel-linux-x86_64-debian-clang, r-devel-linux-x86_64-debian-gcc, r-devel-windows-x86_64
These binaries (installable software) and packages are in development.
They may not be fully stable and should be used with caution. We make no claims about them.