CRAN Package Check Results for Package QRank

Last updated on 2025-05-22 06:51:54 CEST.

Flavor Version Tinstall Tcheck Ttotal Status Flags
r-devel-linux-x86_64-debian-clang 1.0 6.59 57.58 64.17 NOTE
r-devel-linux-x86_64-debian-gcc 1.0 5.49 43.49 48.98 NOTE
r-devel-linux-x86_64-fedora-clang 1.0 100.46 OK
r-devel-linux-x86_64-fedora-gcc 1.0 96.58 OK
r-devel-windows-x86_64 1.0 9.00 84.00 93.00 OK
r-patched-linux-x86_64 1.0 6.25 55.42 61.67 OK
r-release-linux-x86_64 1.0 6.57 55.26 61.83 OK
r-release-macos-arm64 1.0 36.00 OK
r-release-macos-x86_64 1.0 65.00 OK
r-release-windows-x86_64 1.0 8.00 107.00 115.00 OK
r-oldrel-macos-arm64 1.0 28.00 OK
r-oldrel-macos-x86_64 1.0 47.00 OK
r-oldrel-windows-x86_64 1.0 10.00 84.00 94.00 OK

Additional issues

donttest

Check Details

Version: 1.0
Check: CRAN incoming feasibility
Result: NOTE Maintainer: ‘Xiaoyu Song <xs2148@cumc.columbia.edu>’ No Authors@R field in DESCRIPTION. Please add one, modifying Authors@R: person(given = "Xiaoyu", family = "Song", role = c("aut", "cre"), email = "xs2148@cumc.columbia.edu") as necessary. Flavors: r-devel-linux-x86_64-debian-clang, r-devel-linux-x86_64-debian-gcc

These binaries (installable software) and packages are in development.
They may not be fully stable and should be used with caution. We make no claims about them.