CRAN Package Check Results for Package QTL.gCIMapping

Last updated on 2025-11-11 15:50:44 CET.

Flavor Version Tinstall Tcheck Ttotal Status Flags
r-devel-linux-x86_64-debian-clang 3.4 33.47 126.11 159.58 NOTE
r-devel-linux-x86_64-debian-gcc 3.4 21.71 84.62 106.33 NOTE
r-devel-linux-x86_64-fedora-clang 3.4 69.00 182.42 251.42 OK
r-devel-linux-x86_64-fedora-gcc 3.4 73.00 158.38 231.38 OK
r-devel-windows-x86_64 3.4 33.00 139.00 172.00 OK
r-patched-linux-x86_64 3.4 27.58 118.27 145.85 OK
r-release-linux-x86_64 3.4 29.81 116.95 146.76 OK
r-release-macos-arm64 3.4 13.00 53.00 66.00 OK
r-release-macos-x86_64 3.4 28.00 99.00 127.00 OK
r-release-windows-x86_64 3.4 33.00 133.00 166.00 OK
r-oldrel-macos-arm64 3.4 13.00 50.00 63.00 OK
r-oldrel-macos-x86_64 3.4 21.00 91.00 112.00 OK
r-oldrel-windows-x86_64 3.4 44.00 180.00 224.00 OK

Check Details

Version: 3.4
Check: CRAN incoming feasibility
Result: NOTE Maintainer: ‘Yuanming Zhang<soyzhang@mail.hzau.edu.cn>’ No Authors@R field in DESCRIPTION. Please add one, modifying Authors@R: c(person(given = "Zhou", family = "Ya-Hui", role = "aut"), person(given = "Zhang", family = "Ya-Wen", role = "aut"), person(given = "Wen", family = "Yang-Jun", role = "aut"), person(given = "Wang", family = "Shi-Bo", role = "aut"), person(given = "Zhang", family = "Yuan-Ming", role = "aut"), person(given = "Yuanming", family = "Zhang", role = "cre", email = "soyzhang@mail.hzau.edu.cn")) as necessary. Flavors: r-devel-linux-x86_64-debian-clang, r-devel-linux-x86_64-debian-gcc

These binaries (installable software) and packages are in development.
They may not be fully stable and should be used with caution. We make no claims about them.