Last updated on 2024-07-27 15:50:30 CEST.
Flavor | Version | Tinstall | Tcheck | Ttotal | Status | Flags |
---|---|---|---|---|---|---|
r-devel-linux-x86_64-debian-clang | 3.4 | 47.43 | 160.95 | 208.38 | OK | |
r-devel-linux-x86_64-debian-gcc | 3.4 | OK | ||||
r-devel-linux-x86_64-fedora-clang | 3.4 | 263.97 | OK | |||
r-devel-linux-x86_64-fedora-gcc | 3.4 | 244.22 | OK | |||
r-devel-windows-x86_64 | 3.4 | 34.00 | 138.00 | 172.00 | OK | |
r-patched-linux-x86_64 | 3.4 | OK | ||||
r-release-linux-x86_64 | 3.4 | 24.43 | 149.62 | 174.05 | OK | |
r-release-macos-arm64 | 3.4 | 63.00 | OK | |||
r-release-macos-x86_64 | 3.4 | 112.00 | OK | |||
r-release-windows-x86_64 | 3.4 | 38.00 | 140.00 | 178.00 | OK | |
r-oldrel-macos-arm64 | 3.4 | 72.00 | OK | |||
r-oldrel-macos-x86_64 | 3.4 | 125.00 | OK | |||
r-oldrel-windows-x86_64 | 3.4 | 44.00 | 171.00 | 215.00 | NOTE |
Version: 3.4
Check: installed package size
Result: NOTE
installed size is 5.1Mb
sub-directories of 1Mb or more:
extdata 3.0Mb
libs 1.0Mb
Flavor: r-oldrel-windows-x86_64
These binaries (installable software) and packages are in development.
They may not be fully stable and should be used with caution. We make no claims about them.