Last updated on 2025-05-01 21:53:14 CEST.
Flavor | Version | Tinstall | Tcheck | Ttotal | Status | Flags |
---|---|---|---|---|---|---|
r-devel-linux-x86_64-debian-clang | 1.1.20 | 44.08 | 34.19 | 78.27 | OK | |
r-devel-linux-x86_64-debian-gcc | 1.1.20 | 33.41 | 28.48 | 61.89 | OK | |
r-devel-linux-x86_64-fedora-clang | 1.1.20 | 132.66 | OK | |||
r-devel-linux-x86_64-fedora-gcc | 1.1.20 | 140.56 | OK | |||
r-devel-windows-x86_64 | 1.1.20 | 48.00 | 76.00 | 124.00 | OK | |
r-patched-linux-x86_64 | 1.1.20 | 45.80 | 36.74 | 82.54 | OK | |
r-release-linux-x86_64 | OK | |||||
r-release-macos-arm64 | 1.1.20 | 40.00 | OK | |||
r-release-macos-x86_64 | 1.1.20 | 67.00 | OK | |||
r-release-windows-x86_64 | 1.1.20 | 48.00 | 88.00 | 136.00 | OK | |
r-oldrel-macos-arm64 | 1.1.20 | 39.00 | NOTE | |||
r-oldrel-macos-x86_64 | 1.1.20 | 68.00 | NOTE | |||
r-oldrel-windows-x86_64 | 1.1.20 | 53.00 | 86.00 | 139.00 | OK |
Version: 1.1.20
Check: installed package size
Result: NOTE
installed size is 15.3Mb
sub-directories of 1Mb or more:
extra 1.4Mb
libs 13.1Mb
Flavors: r-oldrel-macos-arm64, r-oldrel-macos-x86_64
These binaries (installable software) and packages are in development.
They may not be fully stable and should be used with caution. We make no claims about them.