Last updated on 2025-07-26 01:51:00 CEST.
Flavor | Version | Tinstall | Tcheck | Ttotal | Status | Flags |
---|---|---|---|---|---|---|
r-devel-linux-x86_64-debian-clang | 1.0.1 | 19.60 | 126.35 | 145.95 | NOTE | |
r-devel-linux-x86_64-debian-gcc | 1.0.1 | 14.04 | 83.73 | 97.77 | NOTE | |
r-devel-linux-x86_64-fedora-clang | 1.0.1 | 227.93 | OK | |||
r-devel-linux-x86_64-fedora-gcc | 1.0.2 | 218.24 | OK | |||
r-devel-windows-x86_64 | 1.0.1 | 20.00 | 124.00 | 144.00 | NOTE | |
r-patched-linux-x86_64 | 1.0.1 | 19.42 | 118.52 | 137.94 | NOTE | |
r-release-linux-x86_64 | 1.0.1 | 15.83 | 118.15 | 133.98 | NOTE | |
r-release-macos-arm64 | 1.0.1 | 60.00 | OK | |||
r-release-macos-x86_64 | 1.0.2 | 116.00 | OK | |||
r-release-windows-x86_64 | 1.0.1 | 20.00 | 128.00 | 148.00 | NOTE | |
r-oldrel-macos-arm64 | 1.0.1 | 59.00 | OK | |||
r-oldrel-macos-x86_64 | 1.0.2 | 132.00 | OK | |||
r-oldrel-windows-x86_64 | 1.0.1 | 30.00 | 158.00 | 188.00 | OK |
Version: 1.0.1
Check: Rd cross-references
Result: NOTE
Found the following Rd file(s) with Rd \link{} targets missing package
anchors:
Qcoxph.Rd: coxph, coxph.object, predict.coxph
Qest.control.Rd: pchreg
Please provide package anchors for all Rd \link{} targets not in the
package itself and the base packages.
Flavors: r-devel-linux-x86_64-debian-clang, r-devel-linux-x86_64-debian-gcc, r-devel-windows-x86_64, r-patched-linux-x86_64, r-release-linux-x86_64, r-release-windows-x86_64
These binaries (installable software) and packages are in development.
They may not be fully stable and should be used with caution. We make no claims about them.