Last updated on 2025-02-16 10:50:55 CET.
Flavor | Version | Tinstall | Tcheck | Ttotal | Status | Flags |
---|---|---|---|---|---|---|
r-devel-linux-x86_64-debian-clang | 1.0.1 | 17.59 | 116.85 | 134.44 | NOTE | |
r-devel-linux-x86_64-debian-gcc | 1.0.1 | 13.71 | 80.19 | 93.90 | NOTE | |
r-devel-linux-x86_64-fedora-clang | 1.0.1 | 234.12 | OK | |||
r-devel-linux-x86_64-fedora-gcc | 1.0.1 | 212.60 | OK | |||
r-devel-macos-arm64 | 1.0.1 | 59.00 | OK | |||
r-devel-macos-x86_64 | 1.0.1 | 153.00 | OK | |||
r-devel-windows-x86_64 | 1.0.1 | 20.00 | 117.00 | 137.00 | NOTE | |
r-patched-linux-x86_64 | 1.0.1 | 26.73 | 109.75 | 136.48 | OK | |
r-release-linux-x86_64 | 1.0.1 | 18.05 | 110.51 | 128.56 | OK | |
r-release-macos-arm64 | 1.0.1 | 59.00 | OK | |||
r-release-macos-x86_64 | 1.0.1 | 107.00 | OK | |||
r-release-windows-x86_64 | 1.0.1 | 21.00 | 126.00 | 147.00 | OK | |
r-oldrel-macos-arm64 | 1.0.1 | 75.00 | OK | |||
r-oldrel-macos-x86_64 | 1.0.1 | 131.00 | OK | |||
r-oldrel-windows-x86_64 | 1.0.1 | 29.00 | 136.00 | 165.00 | OK |
Version: 1.0.1
Check: Rd cross-references
Result: NOTE
Found the following Rd file(s) with Rd \link{} targets missing package
anchors:
Qcoxph.Rd: coxph, coxph.object, predict.coxph
Qest.control.Rd: pchreg
Please provide package anchors for all Rd \link{} targets not in the
package itself and the base packages.
Flavors: r-devel-linux-x86_64-debian-clang, r-devel-linux-x86_64-debian-gcc, r-devel-windows-x86_64
These binaries (installable software) and packages are in development.
They may not be fully stable and should be used with caution. We make no claims about them.