Last updated on 2025-05-01 08:52:42 CEST.
Flavor | Version | Tinstall | Tcheck | Ttotal | Status | Flags |
---|---|---|---|---|---|---|
r-devel-linux-x86_64-debian-clang | 0.1.7 | 12.79 | 99.87 | 112.66 | NOTE | |
r-devel-linux-x86_64-debian-gcc | 0.1.7 | 9.42 | 71.11 | 80.53 | OK | |
r-devel-linux-x86_64-fedora-clang | 0.1.7 | 166.54 | OK | |||
r-devel-linux-x86_64-fedora-gcc | 0.1.7 | 161.66 | OK | |||
r-devel-windows-x86_64 | 0.1.7 | 14.00 | 113.00 | 127.00 | OK | |
r-patched-linux-x86_64 | 0.1.7 | 13.40 | 94.98 | 108.38 | OK | |
r-release-linux-x86_64 | OK | |||||
r-release-macos-arm64 | 0.1.7 | 49.00 | OK | |||
r-release-macos-x86_64 | 0.1.7 | 97.00 | OK | |||
r-release-windows-x86_64 | 0.1.7 | 14.00 | 116.00 | 130.00 | OK | |
r-oldrel-macos-arm64 | 0.1.7 | 208.00 | OK | |||
r-oldrel-macos-x86_64 | 0.1.7 | 231.00 | OK | |||
r-oldrel-windows-x86_64 | 0.1.7 | 17.00 | 141.00 | 158.00 | OK |
Version: 0.1.7
Check: examples
Result: NOTE
Examples with CPU (user + system) or elapsed time > 5s
user system elapsed
BBC_dichotom 6.818 0.140 8.641
Qindex-package 4.515 0.196 5.902
Flavor: r-devel-linux-x86_64-debian-clang
These binaries (installable software) and packages are in development.
They may not be fully stable and should be used with caution. We make no claims about them.