Last updated on 2025-11-11 15:50:44 CET.
| Flavor | Version | Tinstall | Tcheck | Ttotal | Status | Flags |
|---|---|---|---|---|---|---|
| r-devel-linux-x86_64-debian-clang | 0.1.0 | 9.87 | 76.86 | 86.73 | OK | |
| r-devel-linux-x86_64-debian-gcc | 0.1.0 | 7.04 | 54.06 | 61.10 | OK | |
| r-devel-linux-x86_64-fedora-clang | 0.1.0 | 20.00 | 113.44 | 133.44 | NOTE | |
| r-devel-linux-x86_64-fedora-gcc | 0.1.0 | 18.00 | 103.66 | 121.66 | NOTE | |
| r-devel-windows-x86_64 | 0.1.0 | 11.00 | 84.00 | 95.00 | OK | |
| r-patched-linux-x86_64 | 0.1.0 | 9.97 | 71.08 | 81.05 | OK | |
| r-release-linux-x86_64 | 0.1.0 | 9.58 | 71.48 | 81.06 | OK | |
| r-release-macos-arm64 | 0.1.0 | 4.00 | 35.00 | 39.00 | OK | |
| r-release-macos-x86_64 | 0.1.0 | 8.00 | 59.00 | 67.00 | OK | |
| r-release-windows-x86_64 | 0.1.0 | 10.00 | 81.00 | 91.00 | OK | |
| r-oldrel-macos-arm64 | 0.1.0 | 4.00 | 33.00 | 37.00 | OK | |
| r-oldrel-macos-x86_64 | 0.1.0 | 7.00 | 49.00 | 56.00 | OK | |
| r-oldrel-windows-x86_64 | 0.1.0 | 14.00 | 104.00 | 118.00 | OK |
Version: 0.1.0
Check: dependencies in R code
Result: NOTE
Namespace in Imports field not imported from: ‘missMethods’
All declared Imports should be used.
Flavors: r-devel-linux-x86_64-fedora-clang, r-devel-linux-x86_64-fedora-gcc
These binaries (installable software) and packages are in development.
They may not be fully stable and should be used with caution. We make no claims about them.