Last updated on 2025-02-16 10:50:55 CET.
Flavor | Version | Tinstall | Tcheck | Ttotal | Status | Flags |
---|---|---|---|---|---|---|
r-devel-linux-x86_64-debian-clang | 0.1.0 | 9.67 | 74.73 | 84.40 | OK | |
r-devel-linux-x86_64-debian-gcc | 0.1.0 | 6.53 | 52.20 | 58.73 | OK | |
r-devel-linux-x86_64-fedora-clang | 0.1.0 | 139.07 | NOTE | |||
r-devel-linux-x86_64-fedora-gcc | 0.1.0 | 124.25 | NOTE | |||
r-devel-macos-arm64 | 0.1.0 | 40.00 | OK | |||
r-devel-macos-x86_64 | 0.1.0 | 72.00 | OK | |||
r-devel-windows-x86_64 | 0.1.0 | 11.00 | 86.00 | 97.00 | OK | |
r-patched-linux-x86_64 | 0.1.0 | 9.89 | 68.05 | 77.94 | OK | |
r-release-linux-x86_64 | 0.1.0 | 8.40 | 67.06 | 75.46 | OK | |
r-release-macos-arm64 | 0.1.0 | 37.00 | OK | |||
r-release-macos-x86_64 | 0.1.0 | 56.00 | OK | |||
r-release-windows-x86_64 | 0.1.0 | 11.00 | 90.00 | 101.00 | OK | |
r-oldrel-macos-arm64 | 0.1.0 | 42.00 | OK | |||
r-oldrel-macos-x86_64 | 0.1.0 | 64.00 | OK | |||
r-oldrel-windows-x86_64 | 0.1.0 | 13.00 | 100.00 | 113.00 | OK |
Version: 0.1.0
Check: dependencies in R code
Result: NOTE
Namespace in Imports field not imported from: ‘missMethods’
All declared Imports should be used.
Flavors: r-devel-linux-x86_64-fedora-clang, r-devel-linux-x86_64-fedora-gcc
These binaries (installable software) and packages are in development.
They may not be fully stable and should be used with caution. We make no claims about them.