Last updated on 2025-05-01 15:49:40 CEST.
Flavor | Version | Tinstall | Tcheck | Ttotal | Status | Flags |
---|---|---|---|---|---|---|
r-devel-linux-x86_64-debian-clang | 1.0.0 | 8.44 | 72.34 | 80.78 | NOTE | |
r-devel-linux-x86_64-debian-gcc | 1.0.0 | 5.73 | 52.37 | 58.10 | NOTE | |
r-devel-linux-x86_64-fedora-clang | 1.0.0 | 123.03 | OK | |||
r-devel-linux-x86_64-fedora-gcc | 1.0.0 | 115.89 | OK | |||
r-devel-windows-x86_64 | 1.0.0 | 11.00 | 80.00 | 91.00 | OK | |
r-patched-linux-x86_64 | 1.0.0 | 7.84 | 69.90 | 77.74 | OK | |
r-release-linux-x86_64 | OK | |||||
r-release-macos-arm64 | 1.0.0 | 41.00 | OK | |||
r-release-macos-x86_64 | 1.0.0 | 89.00 | OK | |||
r-release-windows-x86_64 | 1.0.0 | 11.00 | 81.00 | 92.00 | OK | |
r-oldrel-macos-arm64 | 1.0.0 | 34.00 | OK | |||
r-oldrel-macos-x86_64 | 1.0.0 | 56.00 | OK | |||
r-oldrel-windows-x86_64 | 1.0.0 | 13.00 | 100.00 | 113.00 | OK |
Version: 1.0.0
Check: CRAN incoming feasibility
Result: NOTE
Maintainer: ‘Karl Gregory <gregorkb@stat.sc.edu>’
No Authors@R field in DESCRIPTION.
Please add one, modifying
Authors@R: person(given = "Karl",
family = "Gregory",
role = c("aut", "cre"),
email = "gregorkb@stat.sc.edu")
as necessary.
Flavors: r-devel-linux-x86_64-debian-clang, r-devel-linux-x86_64-debian-gcc
Version: 1.0.0
Check: examples
Result: NOTE
Examples with CPU (user + system) or elapsed time > 5s
user system elapsed
QregBB 4.488 0.000 5.542
QregBB-package 4.367 0.007 5.410
Flavor: r-devel-linux-x86_64-debian-clang
These binaries (installable software) and packages are in development.
They may not be fully stable and should be used with caution. We make no claims about them.