CRAN Package Check Results for Package QregBB

Last updated on 2025-10-03 15:49:59 CEST.

Flavor Version Tinstall Tcheck Ttotal Status Flags
r-devel-linux-x86_64-debian-clang 1.0.0 8.40 72.49 80.89 NOTE
r-devel-linux-x86_64-debian-gcc 1.0.0 6.56 52.74 59.30 NOTE
r-devel-linux-x86_64-fedora-clang 1.0.0 127.07 OK
r-devel-linux-x86_64-fedora-gcc 1.0.0 121.33 OK
r-devel-windows-x86_64 1.0.0 11.00 80.00 91.00 OK
r-patched-linux-x86_64 1.0.0 7.72 70.04 77.76 OK
r-release-linux-x86_64 1.0.0 7.41 70.03 77.44 OK
r-release-macos-arm64 1.0.0 41.00 OK
r-release-macos-x86_64 1.0.0 89.00 OK
r-release-windows-x86_64 1.0.0 12.00 80.00 92.00 OK
r-oldrel-macos-arm64 1.0.0 34.00 OK
r-oldrel-macos-x86_64 1.0.0 56.00 OK
r-oldrel-windows-x86_64 1.0.0 20.00 99.00 119.00 OK

Check Details

Version: 1.0.0
Check: CRAN incoming feasibility
Result: NOTE Maintainer: ‘Karl Gregory <gregorkb@stat.sc.edu>’ No Authors@R field in DESCRIPTION. Please add one, modifying Authors@R: person(given = "Karl", family = "Gregory", role = c("aut", "cre"), email = "gregorkb@stat.sc.edu") as necessary. Flavors: r-devel-linux-x86_64-debian-clang, r-devel-linux-x86_64-debian-gcc

These binaries (installable software) and packages are in development.
They may not be fully stable and should be used with caution. We make no claims about them.