CRAN Package Check Results for Package QuAnTeTrack

Last updated on 2025-07-05 11:49:25 CEST.

Flavor Version Tinstall Tcheck Ttotal Status Flags
r-devel-linux-x86_64-debian-clang 0.1.0 16.59 537.21 553.80 OK
r-devel-linux-x86_64-debian-gcc 0.1.0 12.43 331.93 344.36 OK
r-devel-linux-x86_64-fedora-clang 0.1.0 844.87 OK
r-devel-linux-x86_64-fedora-gcc 0.1.0 865.98 OK
r-devel-windows-x86_64 0.1.0 20.00 441.00 461.00 OK
r-patched-linux-x86_64 0.1.0 16.08 505.05 521.13 OK
r-release-linux-x86_64 0.1.0 15.79 509.32 525.11 OK
r-release-macos-arm64 0.1.0 180.00 OK
r-release-macos-x86_64 0.1.0 277.00 WARN
r-release-windows-x86_64 0.1.0 19.00 444.00 463.00 OK
r-oldrel-macos-arm64 0.1.0 199.00 OK
r-oldrel-macos-x86_64 0.1.0 317.00 OK
r-oldrel-windows-x86_64 0.1.0 23.00 639.00 662.00 OK

Check Details

Version: 0.1.0
Check: Rd files
Result: WARN cannot open the connection Error writing to connection: No space left on device Error writing to connection: No space left on device Warning in for (block in blocks) { : closing unused connection 4 () Warning in for (block in blocks) { : closing unused connection 3 () cannot open the connection cannot open the connection problems found in ‘combined_prob.Rd’, ‘plot_direction.Rd’, ‘plot_sim.Rd’, ‘plot_velocity.Rd’, ‘test_velocity.Rd’ Flavor: r-release-macos-x86_64

These binaries (installable software) and packages are in development.
They may not be fully stable and should be used with caution. We make no claims about them.