Last updated on 2025-10-23 11:50:24 CEST.
Flavor | Version | Tinstall | Tcheck | Ttotal | Status | Flags |
---|---|---|---|---|---|---|
r-devel-linux-x86_64-debian-clang | 0.1.0 | 15.22 | 541.16 | 556.38 | OK | |
r-devel-linux-x86_64-debian-gcc | 0.1.0 | 12.08 | 338.58 | 350.66 | NOTE | |
r-devel-linux-x86_64-fedora-clang | 0.1.0 | 94.00 | 795.22 | 889.22 | NOTE | |
r-devel-linux-x86_64-fedora-gcc | 0.1.0 | 65.00 | 829.88 | 894.88 | NOTE | |
r-devel-windows-x86_64 | 0.1.0 | 19.00 | 451.00 | 470.00 | OK | |
r-patched-linux-x86_64 | 0.1.0 | 15.62 | 529.92 | 545.54 | OK | |
r-release-linux-x86_64 | 0.1.0 | 15.40 | 521.78 | 537.18 | OK | |
r-release-macos-arm64 | 0.1.0 | 7.00 | 173.00 | 180.00 | OK | |
r-release-macos-x86_64 | 0.1.0 | 14.00 | 263.00 | 277.00 | WARN | |
r-release-windows-x86_64 | 0.1.0 | 20.00 | 445.00 | 465.00 | OK | |
r-oldrel-macos-arm64 | 0.1.0 | 8.00 | 191.00 | 199.00 | OK | |
r-oldrel-macos-x86_64 | 0.1.0 | 16.00 | 301.00 | 317.00 | OK | |
r-oldrel-windows-x86_64 | 0.1.0 | 24.00 | 674.00 | 698.00 | OK |
Version: 0.1.0
Check: Rd files
Result: NOTE
checkRd: (-1) cluster_track.Rd:88: height/width attributes should be in pixels
checkRd: (-1) combined_prob.Rd:38: height/width attributes should be in pixels
checkRd: (-1) mode_velocity.Rd:65: height/width attributes should be in pixels
checkRd: (-1) plot_direction.Rd:62: height/width attributes should be in pixels
checkRd: (-1) plot_sim.Rd:54: height/width attributes should be in pixels
checkRd: (-1) plot_track.Rd:62: height/width attributes should be in pixels
checkRd: (-1) plot_velocity.Rd:51: height/width attributes should be in pixels
checkRd: (-1) simil_DTW_metric.Rd:73: height/width attributes should be in pixels
checkRd: (-1) simil_Frechet_metric.Rd:70: height/width attributes should be in pixels
checkRd: (-1) simulate_track.Rd:74: height/width attributes should be in pixels
checkRd: (-1) subset_track.Rd:30: height/width attributes should be in pixels
checkRd: (-1) test_direction.Rd:53: height/width attributes should be in pixels
checkRd: (-1) test_velocity.Rd:58: height/width attributes should be in pixels
checkRd: (-1) tps_to_track.Rd:51: height/width attributes should be in pixels
checkRd: (-1) track_intersection.Rd:112: height/width attributes should be in pixels
checkRd: (-1) track_param.Rd:71: height/width attributes should be in pixels
checkRd: (-1) velocity_track.Rd:75: height/width attributes should be in pixels
Flavors: r-devel-linux-x86_64-debian-gcc, r-devel-linux-x86_64-fedora-clang, r-devel-linux-x86_64-fedora-gcc
Version: 0.1.0
Check: Rd files
Result: WARN
cannot open the connection
Error writing to connection: No space left on device
Error writing to connection: No space left on device
Warning in for (block in blocks) { : closing unused connection 4 ()
Warning in for (block in blocks) { : closing unused connection 3 ()
cannot open the connection
cannot open the connection
problems found in ‘combined_prob.Rd’, ‘plot_direction.Rd’, ‘plot_sim.Rd’, ‘plot_velocity.Rd’, ‘test_velocity.Rd’
Flavor: r-release-macos-x86_64
These binaries (installable software) and packages are in development.
They may not be fully stable and should be used with caution. We make no claims about them.