Last updated on 2025-05-01 14:49:19 CEST.
Flavor | Version | Tinstall | Tcheck | Ttotal | Status | Flags |
---|---|---|---|---|---|---|
r-devel-linux-x86_64-debian-clang | 1.0.1 | 2.26 | 21.21 | 23.47 | NOTE | |
r-devel-linux-x86_64-debian-gcc | 1.0.1 | 1.75 | 16.57 | 18.32 | NOTE | |
r-devel-linux-x86_64-fedora-clang | 1.0.1 | 36.63 | OK | |||
r-devel-linux-x86_64-fedora-gcc | 1.0.1 | 34.60 | OK | |||
r-devel-windows-x86_64 | 1.0.1 | 4.00 | 40.00 | 44.00 | OK | |
r-patched-linux-x86_64 | 1.0.1 | 2.28 | 19.86 | 22.14 | OK | |
r-release-linux-x86_64 | OK | |||||
r-release-macos-arm64 | 1.0.1 | 17.00 | OK | |||
r-release-macos-x86_64 | 1.0.1 | 25.00 | OK | |||
r-release-windows-x86_64 | 1.0.1 | 4.00 | 41.00 | 45.00 | OK | |
r-oldrel-macos-arm64 | 1.0.1 | 16.00 | OK | |||
r-oldrel-macos-x86_64 | 1.0.1 | 22.00 | OK | |||
r-oldrel-windows-x86_64 | 1.0.1 | 3.00 | 41.00 | 44.00 | OK |
Version: 1.0.1
Check: CRAN incoming feasibility
Result: NOTE
Maintainer: ‘Laura Anderlucci <laura.anderlucci@unibo.it>’
No Authors@R field in DESCRIPTION.
Please add one, modifying
Authors@R: c(person(given = "Christian",
family = "Hennig",
role = "aut"),
person(given = "Cinzia",
family = "Viroli",
role = "aut"),
person(given = "Laura",
family = "Anderlucci",
role = c("aut", "cre"),
email = "laura.anderlucci@unibo.it"))
as necessary.
Flavors: r-devel-linux-x86_64-debian-clang, r-devel-linux-x86_64-debian-gcc
These binaries (installable software) and packages are in development.
They may not be fully stable and should be used with caution. We make no claims about them.