Last updated on 2025-10-30 23:50:17 CET.
| Flavor | Version | Tinstall | Tcheck | Ttotal | Status | Flags | 
|---|---|---|---|---|---|---|
| r-devel-linux-x86_64-debian-clang | 1.0.1 | 2.54 | 22.53 | 25.07 | NOTE | |
| r-devel-linux-x86_64-debian-gcc | 1.0.1 | 1.69 | 17.80 | 19.49 | NOTE | |
| r-devel-linux-x86_64-fedora-clang | 1.0.1 | 37.57 | OK | |||
| r-devel-linux-x86_64-fedora-gcc | 1.0.1 | 35.37 | OK | |||
| r-devel-windows-x86_64 | 1.0.1 | 3.00 | 39.00 | 42.00 | OK | |
| r-patched-linux-x86_64 | 1.0.1 | 2.43 | 21.24 | 23.67 | OK | |
| r-release-linux-x86_64 | 1.0.1 | 2.23 | 21.20 | 23.43 | OK | |
| r-release-macos-arm64 | 1.0.1 | 1.00 | 16.00 | 17.00 | OK | |
| r-release-macos-x86_64 | 1.0.1 | 2.00 | 23.00 | 25.00 | OK | |
| r-release-windows-x86_64 | 1.0.1 | 4.00 | 41.00 | 45.00 | OK | |
| r-oldrel-macos-arm64 | 1.0.1 | 1.00 | 15.00 | 16.00 | OK | |
| r-oldrel-macos-x86_64 | 1.0.1 | 2.00 | 20.00 | 22.00 | OK | |
| r-oldrel-windows-x86_64 | 1.0.1 | 3.00 | 41.00 | 44.00 | OK | 
Version: 1.0.1
Check: CRAN incoming feasibility
Result: NOTE
  Maintainer: ‘Laura Anderlucci <laura.anderlucci@unibo.it>’
  
  No Authors@R field in DESCRIPTION.
  Please add one, modifying
    Authors@R: c(person(given = "Christian",
                        family = "Hennig",
                        role = "aut"),
                 person(given = "Cinzia",
                        family = "Viroli",
                        role = "aut"),
                 person(given = "Laura",
                        family = "Anderlucci",
                        role = c("aut", "cre"),
                        email = "laura.anderlucci@unibo.it"))
  as necessary.
Flavors: r-devel-linux-x86_64-debian-clang, r-devel-linux-x86_64-debian-gcc
These binaries (installable software) and packages are in development.
They may not be fully stable and should be used with caution. We make no claims about them.