Last updated on 2025-05-01 12:49:37 CEST.
Flavor | Version | Tinstall | Tcheck | Ttotal | Status | Flags |
---|---|---|---|---|---|---|
r-devel-linux-x86_64-debian-clang | 0.1.2 | 6.67 | 68.08 | 74.75 | NOTE | |
r-devel-linux-x86_64-debian-gcc | 0.1.2 | 4.74 | 47.27 | 52.01 | OK | |
r-devel-linux-x86_64-fedora-clang | 0.1.2 | 104.88 | OK | |||
r-devel-linux-x86_64-fedora-gcc | 0.1.2 | 98.67 | OK | |||
r-devel-windows-x86_64 | 0.1.2 | 9.00 | 79.00 | 88.00 | OK | |
r-patched-linux-x86_64 | 0.1.2 | 6.97 | 63.69 | 70.66 | OK | |
r-release-linux-x86_64 | OK | |||||
r-release-macos-arm64 | 0.1.2 | 32.00 | OK | |||
r-release-macos-x86_64 | 0.1.2 | 66.00 | OK | |||
r-release-windows-x86_64 | 0.1.2 | 9.00 | 81.00 | 90.00 | OK | |
r-oldrel-macos-arm64 | 0.1.2 | 32.00 | OK | |||
r-oldrel-macos-x86_64 | 0.1.2 | 64.00 | OK | |||
r-oldrel-windows-x86_64 | 0.1.2 | 10.00 | 98.00 | 108.00 | OK |
Version: 0.1.2
Check: examples
Result: NOTE
Examples with CPU (user + system) or elapsed time > 5s
user system elapsed
PlotPlate 8.756 0.107 10.429
Flavor: r-devel-linux-x86_64-debian-clang
Version: 0.1.2
Check: examples
Result: NA
user system elapsed
PlotPlate 5.153 0.103 6.954
OK
Flavor: r-devel-linux-x86_64-debian-gcc
These binaries (installable software) and packages are in development.
They may not be fully stable and should be used with caution. We make no claims about them.