Last updated on 2025-10-23 09:50:55 CEST.
Flavor | Version | Tinstall | Tcheck | Ttotal | Status | Flags |
---|---|---|---|---|---|---|
r-devel-linux-x86_64-debian-clang | 1.1.3 | 46.56 | 249.70 | 296.26 | OK | |
r-devel-linux-x86_64-debian-gcc | 1.1.3 | 36.00 | 163.56 | 199.56 | OK | |
r-devel-linux-x86_64-fedora-clang | 1.1.3 | 146.00 | 345.07 | 491.07 | OK | |
r-devel-linux-x86_64-fedora-gcc | 1.1.3 | 102.00 | 374.41 | 476.41 | OK | |
r-devel-windows-x86_64 | 1.1.3 | 50.00 | 550.00 | 600.00 | OK | |
r-patched-linux-x86_64 | 1.1.3 | 49.84 | 239.23 | 289.07 | OK | |
r-release-linux-x86_64 | 1.1.3 | 47.48 | 236.41 | 283.89 | OK | |
r-release-macos-arm64 | 1.1.3 | 19.00 | 221.00 | 240.00 | OK | |
r-release-macos-x86_64 | 1.1.3 | 43.00 | 308.00 | 351.00 | OK | |
r-release-windows-x86_64 | 1.1.3 | 51.00 | 544.00 | 595.00 | OK | |
r-oldrel-macos-arm64 | 1.1.3 | 17.00 | 148.00 | 165.00 | NOTE | |
r-oldrel-macos-x86_64 | 1.1.3 | 35.00 | 354.00 | 389.00 | NOTE | |
r-oldrel-windows-x86_64 | 1.1.3 | 67.00 | 883.00 | 950.00 | OK |
Version: 1.1.3
Check: installed package size
Result: NOTE
installed size is 15.7Mb
sub-directories of 1Mb or more:
libs 13.9Mb
Flavors: r-oldrel-macos-arm64, r-oldrel-macos-x86_64
These binaries (installable software) and packages are in development.
They may not be fully stable and should be used with caution. We make no claims about them.