CRAN Package Check Results for Package QuadratiK

Last updated on 2025-07-02 05:50:24 CEST.

Flavor Version Tinstall Tcheck Ttotal Status Flags
r-devel-linux-x86_64-debian-clang 1.1.3 45.60 224.71 270.31 OK
r-devel-linux-x86_64-debian-gcc 1.1.3 33.76 150.90 184.66 OK
r-devel-linux-x86_64-fedora-clang 1.1.3 426.27 OK
r-devel-linux-x86_64-fedora-gcc 1.1.3 444.34 OK
r-devel-windows-x86_64 1.1.3 54.00 516.00 570.00 OK
r-patched-linux-x86_64 OK
r-release-linux-x86_64 1.1.3 45.71 214.07 259.78 OK
r-release-macos-arm64 1.1.3 240.00 OK
r-release-macos-x86_64 1.1.3 351.00 OK
r-release-windows-x86_64 1.1.3 49.00 520.00 569.00 OK
r-oldrel-macos-arm64 1.1.3 165.00 NOTE
r-oldrel-macos-x86_64 1.1.3 389.00 NOTE
r-oldrel-windows-x86_64 1.1.3 61.00 872.00 933.00 OK

Check Details

Version: 1.1.3
Check: installed package size
Result: NOTE installed size is 15.7Mb sub-directories of 1Mb or more: libs 13.9Mb Flavors: r-oldrel-macos-arm64, r-oldrel-macos-x86_64

These binaries (installable software) and packages are in development.
They may not be fully stable and should be used with caution. We make no claims about them.