Last updated on 2024-07-27 15:50:30 CEST.
Flavor | Version | Tinstall | Tcheck | Ttotal | Status | Flags |
---|---|---|---|---|---|---|
r-devel-linux-x86_64-debian-clang | 1.1.1 | 62.02 | 582.27 | 644.29 | OK | |
r-devel-linux-x86_64-debian-gcc | 1.1.1 | OK | ||||
r-devel-linux-x86_64-fedora-clang | 1.1.1 | 951.01 | OK | |||
r-devel-linux-x86_64-fedora-gcc | 1.1.1 | 852.92 | OK | |||
r-devel-windows-x86_64 | 1.1.1 | 51.00 | 384.00 | 435.00 | OK | |
r-patched-linux-x86_64 | 1.1.1 | OK | ||||
r-release-linux-x86_64 | 1.1.1 | 46.77 | 652.31 | 699.08 | OK | |
r-release-macos-arm64 | 1.1.1 | 105.00 | NOTE | |||
r-release-macos-x86_64 | 1.1.1 | 258.00 | NOTE | |||
r-release-windows-x86_64 | 1.1.1 | 54.00 | 356.00 | 410.00 | OK | |
r-oldrel-macos-arm64 | 1.1.1 | 140.00 | NOTE | |||
r-oldrel-macos-x86_64 | 1.1.1 | 284.00 | NOTE | |||
r-oldrel-windows-x86_64 | 1.1.1 | 65.00 | 516.00 | 581.00 | OK |
Version: 1.1.1
Check: installed package size
Result: NOTE
installed size is 15.6Mb
sub-directories of 1Mb or more:
libs 13.9Mb
Flavors: r-release-macos-arm64, r-release-macos-x86_64, r-oldrel-macos-arm64, r-oldrel-macos-x86_64
These binaries (installable software) and packages are in development.
They may not be fully stable and should be used with caution. We make no claims about them.