Last updated on 2025-07-10 03:52:26 CEST.
Flavor | Version | Tinstall | Tcheck | Ttotal | Status | Flags |
---|---|---|---|---|---|---|
r-devel-linux-x86_64-debian-clang | 0.0.1 | 346.46 | 100.44 | 446.90 | OK | |
r-devel-linux-x86_64-debian-gcc | 0.0.1 | 287.81 | 98.37 | 386.18 | OK | |
r-devel-linux-x86_64-fedora-clang | 0.0.1 | 753.31 | OK | |||
r-devel-linux-x86_64-fedora-gcc | 0.0.1 | 897.36 | OK | |||
r-devel-windows-x86_64 | 0.0.1 | 327.00 | 184.00 | 511.00 | OK | |
r-patched-linux-x86_64 | 0.0.1 | 401.17 | 127.76 | 528.93 | OK | |
r-release-linux-x86_64 | 0.0.1 | 393.54 | 128.35 | 521.89 | OK | |
r-release-macos-arm64 | 0.0.1 | 198.00 | OK | |||
r-release-macos-x86_64 | 0.0.1 | 216.00 | OK | |||
r-release-windows-x86_64 | 0.0.1 | 329.00 | 184.00 | 513.00 | OK | |
r-oldrel-macos-arm64 | 0.0.1 | 194.00 | NOTE | |||
r-oldrel-macos-x86_64 | 0.0.1 | 222.00 | NOTE | |||
r-oldrel-windows-x86_64 | 0.0.1 | 404.00 | 211.00 | 615.00 | OK |
Version: 0.0.1
Check: installed package size
Result: NOTE
installed size is 123.6Mb
sub-directories of 1Mb or more:
libs 123.1Mb
Flavors: r-oldrel-macos-arm64, r-oldrel-macos-x86_64
These binaries (installable software) and packages are in development.
They may not be fully stable and should be used with caution. We make no claims about them.