Last updated on 2025-10-23 21:51:38 CEST.
Flavor | Version | Tinstall | Tcheck | Ttotal | Status | Flags |
---|---|---|---|---|---|---|
r-devel-linux-x86_64-debian-clang | 1.8.1 | 84.51 | 26.14 | 110.65 | OK | |
r-devel-linux-x86_64-debian-gcc | 1.8.1 | 62.09 | 21.31 | 83.40 | OK | |
r-devel-linux-x86_64-fedora-clang | 1.8.1 | 253.00 | -51.37 | 201.63 | OK | |
r-devel-linux-x86_64-fedora-gcc | 1.8.1 | 215.00 | 9.83 | 224.83 | OK | |
r-devel-windows-x86_64 | 1.8.1 | 118.00 | 59.00 | 177.00 | OK | |
r-patched-linux-x86_64 | 1.8.1 | 95.74 | 23.45 | 119.19 | OK | |
r-release-linux-x86_64 | 1.8.1 | 88.10 | 23.66 | 111.76 | OK | |
r-release-macos-arm64 | 1.8.1 | 51.00 | 84.00 | 135.00 | OK | |
r-release-macos-x86_64 | 1.8.1 | 111.00 | 100.00 | 211.00 | OK | |
r-release-windows-x86_64 | 1.8.1 | 122.00 | 61.00 | 183.00 | OK | |
r-oldrel-macos-arm64 | 1.8.1 | 51.00 | 93.00 | 144.00 | NOTE | |
r-oldrel-macos-x86_64 | 1.8.1 | 90.00 | 103.00 | 193.00 | NOTE | |
r-oldrel-windows-x86_64 | 1.8.1 | 129.00 | 68.00 | 197.00 | NOTE |
Version: 1.8.1
Check: installed package size
Result: NOTE
installed size is 7.5Mb
sub-directories of 1Mb or more:
libs 7.1Mb
Flavors: r-oldrel-macos-arm64, r-oldrel-macos-x86_64
Version: 1.8.1
Check: for GNU extensions in Makefiles
Result: NOTE
GNU make is a SystemRequirements.
Flavors: r-oldrel-macos-arm64, r-oldrel-macos-x86_64, r-oldrel-windows-x86_64
These binaries (installable software) and packages are in development.
They may not be fully stable and should be used with caution. We make no claims about them.