Last updated on 2025-05-01 08:52:42 CEST.
Flavor | Version | Tinstall | Tcheck | Ttotal | Status | Flags |
---|---|---|---|---|---|---|
r-devel-linux-x86_64-debian-clang | 1.2.1 | 35.51 | 119.66 | 155.17 | NOTE | |
r-devel-linux-x86_64-debian-gcc | 1.2.1 | 23.26 | 86.22 | 109.48 | OK | |
r-devel-linux-x86_64-fedora-clang | 1.2.1 | 279.06 | OK | |||
r-devel-linux-x86_64-fedora-gcc | 1.2.1 | 235.62 | OK | |||
r-devel-windows-x86_64 | 1.2.1 | 42.00 | 146.00 | 188.00 | OK | |
r-patched-linux-x86_64 | 1.2.1 | 36.31 | 115.14 | 151.45 | OK | |
r-release-linux-x86_64 | OK | |||||
r-release-macos-arm64 | 1.2.1 | 67.00 | OK | |||
r-release-macos-x86_64 | 1.2.1 | 117.00 | OK | |||
r-release-windows-x86_64 | 1.2.1 | 46.00 | 154.00 | 200.00 | OK | |
r-oldrel-macos-arm64 | 1.2.1 | 67.00 | OK | |||
r-oldrel-macos-x86_64 | 1.2.1 | 121.00 | OK | |||
r-oldrel-windows-x86_64 | 1.2.1 | 49.00 | 184.00 | 233.00 | OK |
Version: 1.2.1
Check: examples
Result: NOTE
Examples with CPU (user + system) or elapsed time > 5s
user system elapsed
extract 5.668 0.187 7.58
Flavor: r-devel-linux-x86_64-debian-clang
Version: 1.2.1
Check: examples
Result: NA
user system elapsed
extract 3.835 0.301 5.027
OK
Flavor: r-devel-linux-x86_64-debian-gcc
These binaries (installable software) and packages are in development.
They may not be fully stable and should be used with caution. We make no claims about them.