Last updated on 2024-06-22 19:58:13 CEST.
Flavor | Version | Tinstall | Tcheck | Ttotal | Status | Flags |
---|---|---|---|---|---|---|
r-devel-linux-x86_64-debian-clang | 2.17.2 | 5.87 | 74.33 | 80.20 | OK | |
r-devel-linux-x86_64-debian-gcc | 2.17.2 | 4.06 | 55.85 | 59.91 | OK | |
r-devel-linux-x86_64-fedora-clang | 2.17.2 | 100.61 | OK | |||
r-devel-linux-x86_64-fedora-gcc | 2.17.2 | 107.40 | OK | |||
r-devel-windows-x86_64 | 2.17.2 | 6.00 | 99.00 | 105.00 | OK | |
r-patched-linux-x86_64 | 2.17.2 | 6.21 | 70.63 | 76.84 | OK | |
r-release-linux-x86_64 | 2.17.2 | 3.29 | 71.91 | 75.20 | OK | |
r-release-macos-arm64 | 2.17.2 | 40.00 | OK | |||
r-release-macos-x86_64 | 2.17.2 | 48.00 | NOTE | |||
r-release-windows-x86_64 | 2.17.2 | 7.00 | 99.00 | 106.00 | OK | |
r-oldrel-macos-arm64 | 2.17.2 | 47.00 | OK | |||
r-oldrel-macos-x86_64 | 2.17.2 | 108.00 | OK | |||
r-oldrel-windows-x86_64 | 2.17.2 | 6.00 | 107.00 | 113.00 | OK |
Version: 2.17.2
Check: package vignettes
Result: NOTE
Package has ‘vignettes’ subdirectory but apparently no vignettes.
Perhaps the ‘VignetteBuilder’ information is missing from the
DESCRIPTION file?
Flavor: r-release-macos-x86_64
These binaries (installable software) and packages are in development.
They may not be fully stable and should be used with caution. We make no claims about them.