Last updated on 2025-07-26 01:51:00 CEST.
Flavor | Version | Tinstall | Tcheck | Ttotal | Status | Flags |
---|---|---|---|---|---|---|
r-devel-linux-x86_64-debian-clang | 2.17.2 | 3.66 | 59.66 | 63.32 | OK | |
r-devel-linux-x86_64-debian-gcc | 2.17.2 | 3.10 | 45.43 | 48.53 | OK | |
r-devel-linux-x86_64-fedora-clang | 2.17.2 | 102.07 | OK | |||
r-devel-linux-x86_64-fedora-gcc | 2.17.2 | 112.08 | OK | |||
r-devel-windows-x86_64 | 2.17.2 | 7.00 | 128.00 | 135.00 | OK | |
r-patched-linux-x86_64 | 2.17.2 | 3.51 | 57.25 | 60.76 | OK | |
r-release-linux-x86_64 | 2.17.2 | 3.66 | 57.73 | 61.39 | OK | |
r-release-macos-arm64 | 2.17.2 | 64.00 | OK | |||
r-release-macos-x86_64 | 2.17.2 | 114.00 | OK | |||
r-release-windows-x86_64 | 2.17.2 | 5.00 | 104.00 | 109.00 | OK | |
r-oldrel-macos-arm64 | 2.17.2 | 40.00 | OK | |||
r-oldrel-macos-x86_64 | 2.17.2 | 48.00 | NOTE | |||
r-oldrel-windows-x86_64 | 2.17.2 | 7.00 | 114.00 | 121.00 | OK |
Version: 2.17.2
Check: package vignettes
Result: NOTE
Package has ‘vignettes’ subdirectory but apparently no vignettes.
Perhaps the ‘VignetteBuilder’ information is missing from the
DESCRIPTION file?
Flavor: r-oldrel-macos-x86_64
These binaries (installable software) and packages are in development.
They may not be fully stable and should be used with caution. We make no claims about them.