Last updated on 2025-02-16 10:50:55 CET.
Flavor | Version | Tinstall | Tcheck | Ttotal | Status | Flags |
---|---|---|---|---|---|---|
r-devel-linux-x86_64-debian-clang | 3.7.0 | 4.32 | 51.64 | 55.96 | NOTE | |
r-devel-linux-x86_64-debian-gcc | 3.7.0 | 2.46 | 36.76 | 39.22 | NOTE | |
r-devel-linux-x86_64-fedora-clang | 3.7.0 | 97.93 | NOTE | |||
r-devel-linux-x86_64-fedora-gcc | 3.7.0 | 89.71 | NOTE | |||
r-devel-macos-arm64 | 3.7.0 | 29.00 | NOTE | |||
r-devel-macos-x86_64 | 3.7.0 | 55.00 | NOTE | |||
r-devel-windows-x86_64 | 3.7.0 | 5.00 | 680.00 | 685.00 | NOTE | |
r-patched-linux-x86_64 | 3.7.0 | 4.66 | 48.79 | 53.45 | NOTE | |
r-release-linux-x86_64 | 3.7.0 | 3.64 | 47.99 | 51.63 | NOTE | |
r-release-macos-arm64 | 3.7.0 | 30.00 | NOTE | |||
r-release-macos-x86_64 | 3.7.0 | 41.00 | NOTE | |||
r-release-windows-x86_64 | 3.7.0 | 5.00 | 680.00 | 685.00 | NOTE | |
r-oldrel-macos-arm64 | 3.7.0 | 30.00 | OK | |||
r-oldrel-macos-x86_64 | 3.7.0 | 51.00 | OK | |||
r-oldrel-windows-x86_64 | 3.7.0 | 8.00 | 825.00 | 833.00 | OK |
Version: 3.7.0
Check: Rd files
Result: NOTE
checkRd: (-1) setOption.Matlab.Rd:37-39: Lost braces in \itemize; meant \describe ?
checkRd: (-1) setOption.Matlab.Rd:40-41: Lost braces in \itemize; meant \describe ?
Flavors: r-devel-linux-x86_64-debian-clang, r-devel-linux-x86_64-debian-gcc, r-devel-linux-x86_64-fedora-clang, r-devel-linux-x86_64-fedora-gcc, r-devel-macos-arm64, r-devel-macos-x86_64, r-devel-windows-x86_64, r-patched-linux-x86_64, r-release-linux-x86_64, r-release-macos-arm64, r-release-macos-x86_64, r-release-windows-x86_64
These binaries (installable software) and packages are in development.
They may not be fully stable and should be used with caution. We make no claims about them.