Last updated on 2025-11-27 21:49:57 CET.
| Flavor | Version | Tinstall | Tcheck | Ttotal | Status | Flags |
|---|---|---|---|---|---|---|
| r-devel-linux-x86_64-debian-clang | 1.0.5 | 5.21 | 40.49 | 45.70 | NOTE | |
| r-devel-linux-x86_64-debian-gcc | 1.0.5 | 4.33 | 30.04 | 34.37 | NOTE | |
| r-devel-linux-x86_64-fedora-clang | 1.0.5 | 12.00 | 63.73 | 75.73 | OK | |
| r-devel-linux-x86_64-fedora-gcc | 1.0.5 | 13.00 | 58.16 | 71.16 | OK | |
| r-devel-windows-x86_64 | 1.0.5 | 8.00 | 58.00 | 66.00 | OK | |
| r-patched-linux-x86_64 | 1.0.5 | 6.72 | 38.35 | 45.07 | OK | |
| r-release-linux-x86_64 | 1.0.5 | 4.73 | 38.24 | 42.97 | OK | |
| r-release-macos-arm64 | 1.0.5 | OK | ||||
| r-release-macos-x86_64 | 1.0.5 | 5.00 | 36.00 | 41.00 | OK | |
| r-release-windows-x86_64 | 1.0.5 | 7.00 | 84.00 | 91.00 | OK | |
| r-oldrel-macos-arm64 | 1.0.5 | NOTE | ||||
| r-oldrel-macos-x86_64 | 1.0.5 | 4.00 | 34.00 | 38.00 | NOTE | |
| r-oldrel-windows-x86_64 | 1.0.5 | 10.00 | 68.00 | 78.00 | NOTE |
Version: 1.0.5
Check: CRAN incoming feasibility
Result: NOTE
Maintainer: ‘Andrea Fasulo <fasulo@istat.it>’
No Authors@R field in DESCRIPTION.
Please add one, modifying
Authors@R: c(person(given = c("Andrea", "Fasulo,Giulio", "Barcaroli,Stefano", "Falorsi,Alessio", "Guandalini,Daniela", "Pagliuca,Marco", "Dionisio"),
family = "Terribili",
role = "aut"),
person(given = "Andrea",
family = "Fasulo",
role = "cre",
email = "fasulo@istat.it"))
as necessary.
Flavors: r-devel-linux-x86_64-debian-clang, r-devel-linux-x86_64-debian-gcc
Version: 1.0.5
Check: package dependencies
Result: NOTE
Package suggested but not available for checking: ‘ReGenesees’
Flavors: r-oldrel-macos-arm64, r-oldrel-macos-x86_64, r-oldrel-windows-x86_64
These binaries (installable software) and packages are in development.
They may not be fully stable and should be used with caution. We make no claims about them.