CRAN Package Check Results for Package R2BEAT

Last updated on 2025-02-16 10:50:55 CET.

Flavor Version Tinstall Tcheck Ttotal Status Flags
r-devel-linux-x86_64-debian-clang 1.0.5 6.50 37.92 44.42 OK
r-devel-linux-x86_64-debian-gcc 1.0.5 4.00 26.61 30.61 OK
r-devel-linux-x86_64-fedora-clang 1.0.5 76.11 OK
r-devel-linux-x86_64-fedora-gcc 1.0.5 70.54 OK
r-devel-macos-arm64 1.0.5 23.00 OK
r-devel-macos-x86_64 1.0.5 38.00 OK
r-devel-windows-x86_64 1.0.5 7.00 61.00 68.00 OK
r-patched-linux-x86_64 1.0.5 5.60 35.44 41.04 NOTE
r-release-linux-x86_64 1.0.5 6.08 36.06 42.14 NOTE
r-release-macos-arm64 1.0.5 24.00 NOTE
r-release-macos-x86_64 1.0.5 38.00 NOTE
r-release-windows-x86_64 1.0.5 7.00 61.00 68.00 NOTE
r-oldrel-macos-arm64 1.0.5 23.00 NOTE
r-oldrel-macos-x86_64 1.0.5 56.00 NOTE
r-oldrel-windows-x86_64 1.0.5 10.00 65.00 75.00 NOTE

Check Details

Version: 1.0.5
Check: package dependencies
Result: NOTE Package suggested but not available for checking: ‘ReGenesees’ Flavors: r-patched-linux-x86_64, r-release-linux-x86_64, r-release-macos-arm64, r-release-macos-x86_64, r-release-windows-x86_64, r-oldrel-macos-arm64, r-oldrel-macos-x86_64, r-oldrel-windows-x86_64

These binaries (installable software) and packages are in development.
They may not be fully stable and should be used with caution. We make no claims about them.