Last updated on 2025-05-21 21:49:27 CEST.
Flavor | Version | Tinstall | Tcheck | Ttotal | Status | Flags |
---|---|---|---|---|---|---|
r-devel-linux-x86_64-debian-clang | 1.0.1 | 135.65 | 122.42 | 258.07 | OK | |
r-devel-linux-x86_64-debian-gcc | 1.0.1 | 124.33 | 96.90 | 221.23 | OK | |
r-devel-linux-x86_64-fedora-clang | 1.0.1 | 405.83 | OK | |||
r-devel-linux-x86_64-fedora-gcc | 1.0.1 | 521.90 | OK | |||
r-devel-windows-x86_64 | 1.0.1 | 145.00 | 162.00 | 307.00 | OK | |
r-patched-linux-x86_64 | 1.0.1 | 159.47 | 131.54 | 291.01 | OK | |
r-release-linux-x86_64 | 1.0.1 | 149.36 | 132.61 | 281.97 | OK | |
r-release-macos-arm64 | 1.0.1 | 107.00 | OK | |||
r-release-macos-x86_64 | 1.0.1 | 211.00 | OK | |||
r-release-windows-x86_64 | 1.0.1 | 159.00 | 162.00 | 321.00 | OK | |
r-oldrel-macos-arm64 | 1.0.1 | 115.00 | NOTE | |||
r-oldrel-macos-x86_64 | 1.0.1 | 193.00 | NOTE | |||
r-oldrel-windows-x86_64 | 1.0.1 | 172.00 | 199.00 | 371.00 | NOTE |
Version: 1.0.1
Check: installed package size
Result: NOTE
installed size is 44.2Mb
sub-directories of 1Mb or more:
libs 43.9Mb
Flavors: r-oldrel-macos-arm64, r-oldrel-macos-x86_64
Version: 1.0.1
Check: for GNU extensions in Makefiles
Result: NOTE
GNU make is a SystemRequirements.
Flavors: r-oldrel-macos-arm64, r-oldrel-macos-x86_64, r-oldrel-windows-x86_64
These binaries (installable software) and packages are in development.
They may not be fully stable and should be used with caution. We make no claims about them.