Last updated on 2025-05-21 21:49:27 CEST.
Flavor | Version | Tinstall | Tcheck | Ttotal | Status | Flags |
---|---|---|---|---|---|---|
r-devel-linux-x86_64-debian-clang | 0.8-9 | 56.97 | 164.82 | 221.79 | NOTE | |
r-devel-linux-x86_64-debian-gcc | 0.8-9 | 35.11 | 106.29 | 141.40 | NOTE | |
r-devel-linux-x86_64-fedora-clang | 0.8-9 | 383.69 | OK | |||
r-devel-linux-x86_64-fedora-gcc | 0.8-9 | 338.33 | OK | |||
r-devel-windows-x86_64 | 0.8-9 | 50.00 | 159.00 | 209.00 | NOTE | |
r-patched-linux-x86_64 | 0.8-9 | 48.98 | 154.86 | 203.84 | NOTE | |
r-release-linux-x86_64 | 0.8-9 | 52.62 | 153.47 | 206.09 | NOTE | |
r-release-macos-arm64 | 0.8-9 | 82.00 | OK | |||
r-release-macos-x86_64 | 0.8-9 | 179.00 | OK | |||
r-release-windows-x86_64 | 0.8-9 | 50.00 | 165.00 | 215.00 | NOTE | |
r-oldrel-macos-arm64 | 0.8-9 | 80.00 | OK | |||
r-oldrel-macos-x86_64 | 0.8-9 | 135.00 | OK | |||
r-oldrel-windows-x86_64 | 0.8-9 | 73.00 | 206.00 | 279.00 | OK |
Version: 0.8-9
Check: Rd cross-references
Result: NOTE
Found the following Rd file(s) with Rd \link{} targets missing package
anchors:
runMLwiN.Rd: mcmc.list
sixway.Rd: mcmc, mcmc.list
Please provide package anchors for all Rd \link{} targets not in the
package itself and the base packages.
Flavors: r-devel-linux-x86_64-debian-clang, r-devel-linux-x86_64-debian-gcc, r-devel-windows-x86_64, r-patched-linux-x86_64, r-release-linux-x86_64, r-release-windows-x86_64
These binaries (installable software) and packages are in development.
They may not be fully stable and should be used with caution. We make no claims about them.