Last updated on 2025-10-25 09:49:40 CEST.
| Flavor | Version | Tinstall | Tcheck | Ttotal | Status | Flags |
|---|---|---|---|---|---|---|
| r-devel-linux-x86_64-debian-clang | 3.2-4 | 3.83 | 44.17 | 48.00 | NOTE | |
| r-devel-linux-x86_64-debian-gcc | 3.2-4 | 2.62 | 32.77 | 35.39 | NOTE | |
| r-devel-linux-x86_64-fedora-clang | 3.2-4 | 21.00 | 58.30 | 79.30 | OK | |
| r-devel-linux-x86_64-fedora-gcc | 3.2-4 | 10.00 | 69.62 | 79.62 | OK | |
| r-devel-windows-x86_64 | 3.2-4 | 5.00 | 76.00 | 81.00 | OK | |
| r-patched-linux-x86_64 | 3.2-4 | 4.22 | 42.04 | 46.26 | NOTE | |
| r-release-linux-x86_64 | 3.2-4 | 3.97 | 42.06 | 46.03 | NOTE | |
| r-release-macos-arm64 | 3.2-4 | 2.00 | 84.00 | 86.00 | OK | |
| r-release-macos-x86_64 | 3.2-4 | 3.00 | 103.00 | 106.00 | OK | |
| r-release-windows-x86_64 | 3.2-4 | 6.00 | 81.00 | 87.00 | OK | |
| r-oldrel-macos-arm64 | 3.2-4 | 2.00 | 74.00 | 76.00 | OK | |
| r-oldrel-macos-x86_64 | 3.2-4 | 3.00 | 101.00 | 104.00 | OK | |
| r-oldrel-windows-x86_64 | 3.2-4 | 7.00 | 86.00 | 93.00 | OK |
Version: 3.2-4
Check: R code for possible problems
Result: NOTE
Found the following calls to attach():
File ‘R2OpenBUGS/R/attach.all.R’:
attach(x, name = name)
See section ‘Good practice’ in ‘?attach’.
Flavors: r-devel-linux-x86_64-debian-clang, r-devel-linux-x86_64-debian-gcc, r-patched-linux-x86_64, r-release-linux-x86_64
These binaries (installable software) and packages are in development.
They may not be fully stable and should be used with caution. We make no claims about them.