CRAN Package Check Results for Package R2admb

Last updated on 2025-05-01 14:49:19 CEST.

Flavor Version Tinstall Tcheck Ttotal Status Flags
r-devel-linux-x86_64-debian-clang 0.7.16.3 3.74 49.29 53.03 NOTE
r-devel-linux-x86_64-debian-gcc 0.7.16.3 2.52 41.85 44.37 NOTE
r-devel-linux-x86_64-fedora-clang 0.7.16.3 83.63 NOTE
r-devel-linux-x86_64-fedora-gcc 0.7.16.3 94.01 NOTE
r-devel-windows-x86_64 0.7.16.3 5.00 88.00 93.00 NOTE
r-patched-linux-x86_64 0.7.16.3 3.84 47.11 50.95 NOTE
r-release-linux-x86_64 NOTE
r-release-macos-arm64 0.7.16.3 37.00 NOTE
r-release-macos-x86_64 0.7.16.3 70.00 NOTE
r-release-windows-x86_64 0.7.16.3 6.00 89.00 95.00 NOTE
r-oldrel-macos-arm64 0.7.16.3 42.00 NOTE
r-oldrel-macos-x86_64 0.7.16.3 97.00 NOTE
r-oldrel-windows-x86_64 0.7.16.3 5.00 95.00 100.00 NOTE

Check Details

Version: 0.7.16.3
Check: Rd files
Result: NOTE checkRd: (-1) do_admb.Rd:20: Lost braces in \itemize; meant \describe ? checkRd: (-1) do_admb.Rd:21: Lost braces in \itemize; meant \describe ? checkRd: (-1) do_admb.Rd:49: Lost braces in \itemize; meant \describe ? checkRd: (-1) read_pars.Rd:30: Lost braces in \itemize; \value handles \item{}{} directly checkRd: (-1) read_pars.Rd:31: Lost braces in \itemize; \value handles \item{}{} directly checkRd: (-1) read_pars.Rd:32: Lost braces in \itemize; \value handles \item{}{} directly checkRd: (-1) read_pars.Rd:33: Lost braces in \itemize; \value handles \item{}{} directly checkRd: (-1) read_pars.Rd:34: Lost braces in \itemize; \value handles \item{}{} directly checkRd: (-1) read_pars.Rd:35: Lost braces in \itemize; \value handles \item{}{} directly checkRd: (-1) read_pars.Rd:36: Lost braces in \itemize; \value handles \item{}{} directly checkRd: (-1) read_pars.Rd:37: Lost braces in \itemize; \value handles \item{}{} directly checkRd: (-1) read_pars.Rd:38: Lost braces in \itemize; \value handles \item{}{} directly checkRd: (-1) read_pars.Rd:39: Lost braces in \itemize; \value handles \item{}{} directly Flavors: r-devel-linux-x86_64-debian-clang, r-devel-linux-x86_64-debian-gcc, r-devel-linux-x86_64-fedora-clang, r-devel-linux-x86_64-fedora-gcc, r-devel-windows-x86_64, r-patched-linux-x86_64, r-release-linux-x86_64, r-release-macos-arm64, r-release-macos-x86_64, r-release-windows-x86_64, r-oldrel-macos-arm64, r-oldrel-macos-x86_64, r-oldrel-windows-x86_64

These binaries (installable software) and packages are in development.
They may not be fully stable and should be used with caution. We make no claims about them.