CRAN Package Check Results for Package R6

Last updated on 2025-05-21 21:49:27 CEST.

Flavor Version Tinstall Tcheck Ttotal Status Flags
r-devel-linux-x86_64-debian-clang 2.6.1 1.72 28.36 30.08 OK
r-devel-linux-x86_64-debian-gcc 2.6.1 1.72 23.59 25.31 OK
r-devel-linux-x86_64-fedora-clang 2.6.1 47.02 OK
r-devel-linux-x86_64-fedora-gcc 2.6.1 43.26 OK
r-devel-windows-x86_64 2.6.1 3.00 48.00 51.00 OK
r-patched-linux-x86_64 2.6.1 1.55 26.68 28.23 OK
r-release-linux-x86_64 2.6.1 1.36 26.67 28.03 OK
r-release-macos-arm64 2.6.1 16.00 ERROR
r-release-macos-x86_64 2.6.1 35.00 OK
r-release-windows-x86_64 2.6.1 5.00 49.00 54.00 OK
r-oldrel-macos-arm64 2.6.1 42.00 OK
r-oldrel-macos-x86_64 2.6.1 50.00 OK
r-oldrel-windows-x86_64 2.6.1 5.00 55.00 60.00 OK

Check Details

Version: 2.6.1
Check: tests
Result: ERROR Running ‘testthat.R’ [0s/1s] Running the tests in ‘tests/testthat.R’ failed. Complete output: > library(testthat) > library(R6) > > test_check("R6") Error in loadNamespace(x) : there is no package called 'cli' Calls: test_check ... loadNamespace -> withRestarts -> withOneRestart -> doWithOneRestart Execution halted Flavor: r-release-macos-arm64

These binaries (installable software) and packages are in development.
They may not be fully stable and should be used with caution. We make no claims about them.