CRAN Package Check Results for Package R62S3

Last updated on 2025-10-03 03:50:53 CEST.

Flavor Version Tinstall Tcheck Ttotal Status Flags
r-devel-linux-x86_64-debian-clang 1.4.1 1.73 23.06 24.79 OK
r-devel-linux-x86_64-debian-gcc 1.4.1 1.29 19.19 20.48 OK
r-devel-linux-x86_64-fedora-clang 1.4.1 35.13 OK
r-devel-linux-x86_64-fedora-gcc 1.4.1 34.27 OK
r-devel-windows-x86_64 1.4.1 4.00 42.00 46.00 OK
r-patched-linux-x86_64 1.4.1 1.75 21.18 22.93 OK
r-release-linux-x86_64 1.4.1 1.59 21.10 22.69 OK
r-release-macos-arm64 1.4.1 16.00 OK
r-release-macos-x86_64 1.4.1 23.00 OK
r-release-windows-x86_64 1.4.1 2.00 42.00 44.00 OK
r-oldrel-macos-arm64 1.4.1 16.00 NOTE
r-oldrel-macos-x86_64 1.4.1 24.00 NOTE
r-oldrel-windows-x86_64 1.4.1 4.00 47.00 51.00 NOTE

Check Details

Version: 1.4.1
Check: LazyData
Result: NOTE 'LazyData' is specified without a 'data' directory Flavors: r-oldrel-macos-arm64, r-oldrel-macos-x86_64, r-oldrel-windows-x86_64

These binaries (installable software) and packages are in development.
They may not be fully stable and should be used with caution. We make no claims about them.