CRAN Package Check Results for Package R62S3

Last updated on 2025-02-16 10:50:55 CET.

Flavor Version Tinstall Tcheck Ttotal Status Flags
r-devel-linux-x86_64-debian-clang 1.4.1 1.74 20.15 21.89 OK
r-devel-linux-x86_64-debian-gcc 1.4.1 1.30 16.08 17.38 OK
r-devel-linux-x86_64-fedora-clang 1.4.1 37.12 OK
r-devel-linux-x86_64-fedora-gcc 1.4.1 34.22 OK
r-devel-macos-arm64 1.4.1 15.00 OK
r-devel-macos-x86_64 1.4.1 25.00 OK
r-devel-windows-x86_64 1.4.1 3.00 43.00 46.00 OK
r-patched-linux-x86_64 1.4.1 1.69 19.27 20.96 NOTE
r-release-linux-x86_64 1.4.1 1.68 19.35 21.03 NOTE
r-release-macos-arm64 1.4.1 16.00 NOTE
r-release-macos-x86_64 1.4.1 24.00 NOTE
r-release-windows-x86_64 1.4.1 2.00 51.00 53.00 NOTE
r-oldrel-macos-arm64 1.4.1 19.00 NOTE
r-oldrel-macos-x86_64 1.4.1 20.00 NOTE
r-oldrel-windows-x86_64 1.4.1 3.00 59.00 62.00 NOTE

Check Details

Version: 1.4.1
Check: LazyData
Result: NOTE 'LazyData' is specified without a 'data' directory Flavors: r-patched-linux-x86_64, r-release-linux-x86_64, r-release-macos-arm64, r-release-macos-x86_64, r-release-windows-x86_64, r-oldrel-macos-arm64, r-oldrel-macos-x86_64, r-oldrel-windows-x86_64

These binaries (installable software) and packages are in development.
They may not be fully stable and should be used with caution. We make no claims about them.