Last updated on 2025-10-28 13:50:32 CET.
| Flavor | Version | Tinstall | Tcheck | Ttotal | Status | Flags |
|---|---|---|---|---|---|---|
| r-devel-linux-x86_64-debian-clang | 1.2.0 | 7.37 | 28.91 | 36.28 | OK | |
| r-devel-linux-x86_64-debian-gcc | 1.2.0 | 4.37 | 23.67 | 28.04 | OK | |
| r-devel-linux-x86_64-fedora-clang | 1.2.0 | 21.00 | 34.27 | 55.27 | OK | |
| r-devel-linux-x86_64-fedora-gcc | 1.2.0 | 14.00 | 47.99 | 61.99 | OK | |
| r-devel-windows-x86_64 | 1.2.0 | 7.00 | 52.00 | 59.00 | OK | |
| r-patched-linux-x86_64 | 1.2.0 | 7.23 | 27.27 | 34.50 | OK | |
| r-release-linux-x86_64 | 1.2.0 | 6.96 | 26.76 | 33.72 | OK | |
| r-release-macos-arm64 | 1.2.0 | 3.00 | 22.00 | 25.00 | OK | |
| r-release-macos-x86_64 | 1.2.0 | 7.00 | 40.00 | 47.00 | OK | |
| r-release-windows-x86_64 | 1.2.0 | 9.00 | 56.00 | 65.00 | OK | |
| r-oldrel-macos-arm64 | 1.2.0 | 3.00 | 23.00 | 26.00 | NOTE | |
| r-oldrel-macos-x86_64 | 1.2.0 | 7.00 | 37.00 | 44.00 | NOTE | |
| r-oldrel-windows-x86_64 | 1.2.0 | 10.00 | 58.00 | 68.00 | NOTE |
Version: 1.2.0
Check: LazyData
Result: NOTE
'LazyData' is specified without a 'data' directory
Flavors: r-oldrel-macos-arm64, r-oldrel-macos-x86_64, r-oldrel-windows-x86_64
These binaries (installable software) and packages are in development.
They may not be fully stable and should be used with caution. We make no claims about them.