CRAN Package Check Results for Package R6DS

Last updated on 2025-05-08 04:52:15 CEST.

Flavor Version Tinstall Tcheck Ttotal Status Flags
r-devel-linux-x86_64-debian-clang 1.2.0 7.23 26.76 33.99 OK
r-devel-linux-x86_64-debian-gcc 1.2.0 4.79 21.38 26.17 OK
r-devel-linux-x86_64-fedora-clang 1.2.0 53.25 OK
r-devel-linux-x86_64-fedora-gcc 1.2.0 65.04 OK
r-devel-windows-x86_64 1.2.0 7.00 53.00 60.00 OK
r-patched-linux-x86_64 1.2.0 7.28 24.74 32.02 OK
r-release-linux-x86_64 1.2.0 5.94 24.65 30.59 OK
r-release-macos-arm64 1.2.0 25.00 OK
r-release-macos-x86_64 1.2.0 47.00 OK
r-release-windows-x86_64 1.2.0 9.00 56.00 65.00 OK
r-oldrel-macos-arm64 1.2.0 26.00 NOTE
r-oldrel-macos-x86_64 1.2.0 44.00 NOTE
r-oldrel-windows-x86_64 1.2.0 7.00 57.00 64.00 NOTE

Check Details

Version: 1.2.0
Check: LazyData
Result: NOTE 'LazyData' is specified without a 'data' directory Flavors: r-oldrel-macos-arm64, r-oldrel-macos-x86_64, r-oldrel-windows-x86_64

These binaries (installable software) and packages are in development.
They may not be fully stable and should be used with caution. We make no claims about them.