Last updated on 2025-02-18 22:52:11 CET.
Flavor | Version | Tinstall | Tcheck | Ttotal | Status | Flags |
---|---|---|---|---|---|---|
r-devel-linux-x86_64-debian-clang | 0.1.1 | 2.36 | 38.41 | 40.77 | OK | |
r-devel-linux-x86_64-debian-gcc | 0.1.1 | 1.49 | 30.19 | 31.68 | OK | |
r-devel-linux-x86_64-fedora-clang | 0.1.1 | 68.71 | NOTE | |||
r-devel-linux-x86_64-fedora-gcc | 0.1.1 | 77.24 | NOTE | |||
r-devel-macos-arm64 | 0.1.1 | 219.00 | OK | |||
r-devel-macos-x86_64 | 0.1.1 | 419.00 | OK | |||
r-devel-windows-x86_64 | 0.1.1 | 4.00 | 349.00 | 353.00 | OK | |
r-patched-linux-x86_64 | 0.1.1 | 1.85 | 37.53 | 39.38 | OK | |
r-release-linux-x86_64 | 0.1.1 | 1.98 | 37.05 | 39.03 | OK | |
r-release-macos-arm64 | 0.1.1 | 211.00 | OK | |||
r-release-macos-x86_64 | 0.1.1 | 332.00 | OK | |||
r-release-windows-x86_64 | 0.1.1 | 4.00 | 349.00 | 353.00 | OK | |
r-oldrel-macos-arm64 | 0.1.1 | 237.00 | OK | |||
r-oldrel-macos-x86_64 | 0.1.1 | 331.00 | OK | |||
r-oldrel-windows-x86_64 | 0.1.1 | 5.00 | 467.00 | 472.00 | OK |
Version: 0.1.1
Check: dependencies in R code
Result: NOTE
Namespaces in Imports field not imported from:
‘asd’ ‘cubature’ ‘data.table’ ‘ggplot2’ ‘multxpert’ ‘survival’
All declared Imports should be used.
Flavors: r-devel-linux-x86_64-fedora-clang, r-devel-linux-x86_64-fedora-gcc
These binaries (installable software) and packages are in development.
They may not be fully stable and should be used with caution. We make no claims about them.