CRAN Package Check Results for Package RABR

Last updated on 2025-07-02 03:50:49 CEST.

Flavor Version Tinstall Tcheck Ttotal Status Flags
r-devel-linux-x86_64-debian-clang 0.1.1 2.31 41.58 43.89 OK
r-devel-linux-x86_64-debian-gcc 0.1.1 1.62 32.16 33.78 OK
r-devel-linux-x86_64-fedora-clang 0.1.1 64.49 NOTE
r-devel-linux-x86_64-fedora-gcc 0.1.1 75.82 NOTE
r-devel-windows-x86_64 0.1.1 4.00 356.00 360.00 OK
r-patched-linux-x86_64 OK
r-release-linux-x86_64 0.1.1 1.84 38.60 40.44 OK
r-release-macos-arm64 0.1.1 219.00 OK
r-release-macos-x86_64 0.1.1 395.00 OK
r-release-windows-x86_64 0.1.1 4.00 358.00 362.00 OK
r-oldrel-macos-arm64 0.1.1 211.00 OK
r-oldrel-macos-x86_64 0.1.1 332.00 OK
r-oldrel-windows-x86_64 0.1.1 4.00 475.00 479.00 OK

Check Details

Version: 0.1.1
Check: dependencies in R code
Result: NOTE Namespaces in Imports field not imported from: ‘asd’ ‘cubature’ ‘data.table’ ‘ggplot2’ ‘multxpert’ ‘survival’ All declared Imports should be used. Flavors: r-devel-linux-x86_64-fedora-clang, r-devel-linux-x86_64-fedora-gcc

These binaries (installable software) and packages are in development.
They may not be fully stable and should be used with caution. We make no claims about them.