Last updated on 2025-05-21 21:49:27 CEST.
Flavor | Version | Tinstall | Tcheck | Ttotal | Status | Flags |
---|---|---|---|---|---|---|
r-devel-linux-x86_64-debian-clang | 0.1.35 | 82.42 | 184.64 | 267.06 | OK | |
r-devel-linux-x86_64-debian-gcc | 0.1.35 | 71.09 | 130.01 | 201.10 | OK | |
r-devel-linux-x86_64-fedora-clang | 0.1.38 | 427.32 | OK | |||
r-devel-linux-x86_64-fedora-gcc | 0.1.38 | 490.32 | OK | |||
r-devel-windows-x86_64 | 0.1.35 | 86.00 | 199.00 | 285.00 | OK | |
r-patched-linux-x86_64 | 0.1.35 | 92.50 | 178.58 | 271.08 | OK | |
r-release-linux-x86_64 | 0.1.35 | 92.55 | 179.12 | 271.67 | OK | |
r-release-macos-arm64 | 0.1.35 | 117.00 | OK | |||
r-release-macos-x86_64 | 0.1.35 | 256.00 | OK | |||
r-release-windows-x86_64 | 0.1.35 | 85.00 | 198.00 | 283.00 | OK | |
r-oldrel-macos-arm64 | 0.1.35 | 110.00 | NOTE | |||
r-oldrel-macos-x86_64 | 0.1.35 | 175.00 | NOTE | |||
r-oldrel-windows-x86_64 | 0.1.35 | 102.00 | 257.00 | 359.00 | OK |
Version: 0.1.35
Check: installed package size
Result: NOTE
installed size is 34.7Mb
sub-directories of 1Mb or more:
libs 33.2Mb
Flavors: r-oldrel-macos-arm64, r-oldrel-macos-x86_64
These binaries (installable software) and packages are in development.
They may not be fully stable and should be used with caution. We make no claims about them.