CRAN Package Check Results for Package RAINBOWR

Last updated on 2025-07-05 03:48:46 CEST.

Flavor Version Tinstall Tcheck Ttotal Status Flags
r-devel-linux-x86_64-debian-clang 0.1.38 86.09 191.52 277.61 OK
r-devel-linux-x86_64-debian-gcc 0.1.38 69.68 131.97 201.65 OK
r-devel-linux-x86_64-fedora-clang 0.1.38 421.13 OK
r-devel-linux-x86_64-fedora-gcc 0.1.38 508.00 OK
r-devel-windows-x86_64 0.1.38 82.00 198.00 280.00 OK
r-patched-linux-x86_64 0.1.38 96.09 183.13 279.22 OK
r-release-linux-x86_64 0.1.38 94.82 181.69 276.51 OK
r-release-macos-arm64 0.1.38 141.00 OK
r-release-macos-x86_64 0.1.38 253.00 OK
r-release-windows-x86_64 0.1.38 86.00 199.00 285.00 OK
r-oldrel-macos-arm64 0.1.38 113.00 NOTE
r-oldrel-macos-x86_64 0.1.38 253.00 NOTE
r-oldrel-windows-x86_64 0.1.38 106.00 269.00 375.00 OK

Check Details

Version: 0.1.38
Check: installed package size
Result: NOTE installed size is 35.8Mb sub-directories of 1Mb or more: libs 34.3Mb Flavors: r-oldrel-macos-arm64, r-oldrel-macos-x86_64

These binaries (installable software) and packages are in development.
They may not be fully stable and should be used with caution. We make no claims about them.