Last updated on 2025-11-12 23:50:55 CET.
| Flavor | Version | Tinstall | Tcheck | Ttotal | Status | Flags |
|---|---|---|---|---|---|---|
| r-devel-linux-x86_64-debian-clang | 0.1.38 | 81.28 | 193.30 | 274.58 | OK | |
| r-devel-linux-x86_64-debian-gcc | 0.1.38 | 65.98 | 132.94 | 198.92 | OK | |
| r-devel-linux-x86_64-fedora-clang | 0.1.38 | 600.00 | -129.20 | 470.80 | OK | |
| r-devel-linux-x86_64-fedora-gcc | 0.1.38 | 248.00 | 219.02 | 467.02 | OK | |
| r-devel-windows-x86_64 | 0.1.38 | 87.00 | 217.00 | 304.00 | OK | |
| r-patched-linux-x86_64 | 0.1.38 | 95.63 | 183.59 | 279.22 | OK | |
| r-release-linux-x86_64 | 0.1.38 | 93.64 | 185.08 | 278.72 | OK | |
| r-release-macos-arm64 | 0.1.38 | 45.00 | 96.00 | 141.00 | OK | |
| r-release-macos-x86_64 | 0.1.38 | 80.00 | 173.00 | 253.00 | OK | |
| r-release-windows-x86_64 | 0.1.38 | 90.00 | 198.00 | 288.00 | OK | |
| r-oldrel-macos-arm64 | 0.1.38 | 39.00 | 74.00 | 113.00 | NOTE | |
| r-oldrel-macos-x86_64 | 0.1.38 | 72.00 | 181.00 | 253.00 | NOTE | |
| r-oldrel-windows-x86_64 | 0.1.38 | 107.00 | 270.00 | 377.00 | OK |
Version: 0.1.38
Check: installed package size
Result: NOTE
installed size is 35.8Mb
sub-directories of 1Mb or more:
libs 34.3Mb
Flavors: r-oldrel-macos-arm64, r-oldrel-macos-x86_64
These binaries (installable software) and packages are in development.
They may not be fully stable and should be used with caution. We make no claims about them.