Last updated on 2025-10-23 11:50:24 CEST.
Flavor | Version | Tinstall | Tcheck | Ttotal | Status | Flags |
---|---|---|---|---|---|---|
r-devel-linux-x86_64-debian-clang | 0.1.38 | 82.49 | 189.55 | 272.04 | OK | |
r-devel-linux-x86_64-debian-gcc | 0.1.38 | 69.77 | 130.52 | 200.29 | OK | |
r-devel-linux-x86_64-fedora-clang | 0.1.38 | 332.00 | 114.95 | 446.95 | OK | |
r-devel-linux-x86_64-fedora-gcc | 0.1.38 | 573.00 | -69.08 | 503.92 | OK | |
r-devel-windows-x86_64 | 0.1.38 | 84.00 | 207.00 | 291.00 | OK | |
r-patched-linux-x86_64 | 0.1.38 | 100.44 | 185.26 | 285.70 | OK | |
r-release-linux-x86_64 | 0.1.38 | 94.86 | 184.68 | 279.54 | OK | |
r-release-macos-arm64 | 0.1.38 | 45.00 | 96.00 | 141.00 | OK | |
r-release-macos-x86_64 | 0.1.38 | 80.00 | 173.00 | 253.00 | OK | |
r-release-windows-x86_64 | 0.1.38 | 88.00 | 201.00 | 289.00 | OK | |
r-oldrel-macos-arm64 | 0.1.38 | 39.00 | 74.00 | 113.00 | NOTE | |
r-oldrel-macos-x86_64 | 0.1.38 | 72.00 | 181.00 | 253.00 | NOTE | |
r-oldrel-windows-x86_64 | 0.1.38 | 107.00 | 278.00 | 385.00 | OK |
Version: 0.1.38
Check: installed package size
Result: NOTE
installed size is 35.8Mb
sub-directories of 1Mb or more:
libs 34.3Mb
Flavors: r-oldrel-macos-arm64, r-oldrel-macos-x86_64
These binaries (installable software) and packages are in development.
They may not be fully stable and should be used with caution. We make no claims about them.