Last updated on 2025-02-16 10:50:56 CET.
Flavor | Version | Tinstall | Tcheck | Ttotal | Status | Flags |
---|---|---|---|---|---|---|
r-devel-linux-x86_64-debian-clang | 1.1 | 7.41 | 61.63 | 69.04 | OK | |
r-devel-linux-x86_64-debian-gcc | 1.1 | 5.33 | 45.31 | 50.64 | OK | |
r-devel-linux-x86_64-fedora-clang | 1.1 | 113.31 | NOTE | |||
r-devel-linux-x86_64-fedora-gcc | 1.1 | 109.44 | NOTE | |||
r-devel-macos-arm64 | 1.1 | 37.00 | OK | |||
r-devel-macos-x86_64 | 1.1 | 78.00 | OK | |||
r-devel-windows-x86_64 | 1.1 | 9.00 | 87.00 | 96.00 | OK | |
r-patched-linux-x86_64 | 1.1 | 7.86 | 57.98 | 65.84 | OK | |
r-release-linux-x86_64 | 1.1 | 5.55 | 59.32 | 64.87 | OK | |
r-release-macos-arm64 | 1.1 | 34.00 | OK | |||
r-release-macos-x86_64 | 1.1 | 50.00 | OK | |||
r-release-windows-x86_64 | 1.1 | 8.00 | 81.00 | 89.00 | OK | |
r-oldrel-macos-arm64 | 1.1 | 35.00 | OK | |||
r-oldrel-macos-x86_64 | 1.1 | 61.00 | OK | |||
r-oldrel-windows-x86_64 | 1.1 | 10.00 | 96.00 | 106.00 | OK |
Version: 1.1
Check: compiled code
Result: NOTE
File ‘RANKS/libs/RANKS.so’:
Found no calls to: ‘R_registerRoutines’, ‘R_useDynamicSymbols’
It is good practice to register native routines and to disable symbol
search.
See ‘Writing portable packages’ in the ‘Writing R Extensions’ manual.
Flavors: r-devel-linux-x86_64-fedora-clang, r-devel-linux-x86_64-fedora-gcc
These binaries (installable software) and packages are in development.
They may not be fully stable and should be used with caution. We make no claims about them.