CRAN Package Check Results for Package RAdwords

Last updated on 2025-05-01 21:53:14 CEST.

Flavor Version Tinstall Tcheck Ttotal Status Flags
r-devel-linux-x86_64-debian-clang 0.1.18 3.06 27.26 30.32 NOTE
r-devel-linux-x86_64-debian-gcc 0.1.18 2.17 21.61 23.78 NOTE
r-devel-linux-x86_64-fedora-clang 0.1.18 43.47 OK
r-devel-linux-x86_64-fedora-gcc 0.1.18 41.71 OK
r-devel-windows-x86_64 0.1.18 4.00 47.00 51.00 OK
r-patched-linux-x86_64 0.1.18 2.70 25.02 27.72 OK
r-release-linux-x86_64 OK
r-release-macos-arm64 0.1.18 17.00 OK
r-release-macos-x86_64 0.1.18 30.00 OK
r-release-windows-x86_64 0.1.18 6.00 53.00 59.00 OK
r-oldrel-macos-arm64 0.1.18 17.00 OK
r-oldrel-macos-x86_64 0.1.18 30.00 OK
r-oldrel-windows-x86_64 0.1.18 4.00 49.00 53.00 OK

Check Details

Version: 0.1.18
Check: CRAN incoming feasibility
Result: NOTE Maintainer: ‘Johannes Burkhardt <johannes.burkhardt@gmail.com>’ No Authors@R field in DESCRIPTION. Please add one, modifying Authors@R: c(person(given = "Johannes", family = "Burkhardt", role = c("aut", "cre"), email = "johannes.burkhardt@gmail.com"), person(given = "Matthias", family = "Bannert", role = "aut", email = "matthias.bannert@gmail.com")) as necessary. Flavors: r-devel-linux-x86_64-debian-clang, r-devel-linux-x86_64-debian-gcc

These binaries (installable software) and packages are in development.
They may not be fully stable and should be used with caution. We make no claims about them.