Last updated on 2025-11-13 03:51:13 CET.
| Flavor | Version | Tinstall | Tcheck | Ttotal | Status | Flags |
|---|---|---|---|---|---|---|
| r-devel-linux-x86_64-debian-clang | 0.1.18 | 2.65 | 28.76 | 31.41 | NOTE | |
| r-devel-linux-x86_64-debian-gcc | 0.1.18 | 2.03 | 23.20 | 25.23 | NOTE | |
| r-devel-linux-x86_64-fedora-clang | 0.1.18 | 45.90 | OK | |||
| r-devel-linux-x86_64-fedora-gcc | 0.1.18 | 42.50 | OK | |||
| r-devel-windows-x86_64 | 0.1.18 | 5.00 | 44.00 | 49.00 | OK | |
| r-patched-linux-x86_64 | 0.1.18 | 2.33 | 26.30 | 28.63 | OK | |
| r-release-linux-x86_64 | 0.1.18 | 2.64 | 26.40 | 29.04 | OK | |
| r-release-macos-arm64 | 0.1.18 | 1.00 | 16.00 | 17.00 | OK | |
| r-release-macos-x86_64 | 0.1.18 | 2.00 | 28.00 | 30.00 | OK | |
| r-release-windows-x86_64 | 0.1.18 | 5.00 | 45.00 | 50.00 | OK | |
| r-oldrel-macos-arm64 | 0.1.18 | 1.00 | 16.00 | 17.00 | OK | |
| r-oldrel-macos-x86_64 | 0.1.18 | 2.00 | 28.00 | 30.00 | OK | |
| r-oldrel-windows-x86_64 | 0.1.18 | 5.00 | 53.00 | 58.00 | OK |
Version: 0.1.18
Check: CRAN incoming feasibility
Result: NOTE
Maintainer: ‘Johannes Burkhardt <johannes.burkhardt@gmail.com>’
No Authors@R field in DESCRIPTION.
Please add one, modifying
Authors@R: c(person(given = "Johannes",
family = "Burkhardt",
role = c("aut", "cre"),
email = "johannes.burkhardt@gmail.com"),
person(given = "Matthias",
family = "Bannert",
role = "aut",
email = "matthias.bannert@gmail.com"))
as necessary.
Flavors: r-devel-linux-x86_64-debian-clang, r-devel-linux-x86_64-debian-gcc
These binaries (installable software) and packages are in development.
They may not be fully stable and should be used with caution. We make no claims about them.