CRAN Package Check Results for Package RBE3

Last updated on 2025-11-14 03:50:04 CET.

Flavor Version Tinstall Tcheck Ttotal Status Flags
r-devel-linux-x86_64-debian-clang 1.1 1.91 26.42 28.33 NOTE
r-devel-linux-x86_64-debian-gcc 1.1 1.62 21.33 22.95 NOTE
r-devel-linux-x86_64-fedora-clang 1.1 44.28 OK
r-devel-linux-x86_64-fedora-gcc 1.1 41.14 OK
r-devel-windows-x86_64 1.1 3.00 51.00 54.00 OK
r-patched-linux-x86_64 1.1 2.04 25.56 27.60 OK
r-release-linux-x86_64 1.1 1.78 25.12 26.90 OK
r-release-macos-arm64 1.1 1.00 17.00 18.00 OK
r-release-macos-x86_64 1.1 2.00 30.00 32.00 OK
r-release-windows-x86_64 1.1 2.00 49.00 51.00 OK
r-oldrel-macos-arm64 1.1 1.00 15.00 16.00 OK
r-oldrel-macos-x86_64 1.1 2.00 25.00 27.00 OK
r-oldrel-windows-x86_64 1.1 3.00 49.00 52.00 OK

Check Details

Version: 1.1
Check: CRAN incoming feasibility
Result: NOTE Maintainer: ‘Diego Gallardo <dgallardo@ubiobio.cl>’ The Description field contains Gallardo and Saulo <arXiv:2110.04428> The package also provides tools Please refer to arXiv e-prints via their arXiv DOI <doi:10.48550/arXiv.YYMM.NNNNN>. Flavors: r-devel-linux-x86_64-debian-clang, r-devel-linux-x86_64-debian-gcc

These binaries (installable software) and packages are in development.
They may not be fully stable and should be used with caution. We make no claims about them.