Last updated on 2025-10-23 19:50:28 CEST.
Flavor | Version | Tinstall | Tcheck | Ttotal | Status | Flags |
---|---|---|---|---|---|---|
r-devel-linux-x86_64-debian-clang | 1.1.0 | 4.20 | 48.09 | 52.29 | NOTE | |
r-devel-linux-x86_64-debian-gcc | 1.1.0 | 3.28 | 37.02 | 40.30 | OK | |
r-devel-linux-x86_64-fedora-clang | 1.1.0 | 14.00 | 66.70 | 80.70 | OK | |
r-devel-linux-x86_64-fedora-gcc | 1.1.0 | 88.77 | OK | |||
r-devel-windows-x86_64 | 1.1.0 | 8.00 | 77.00 | 85.00 | OK | |
r-patched-linux-x86_64 | 1.1.0 | 5.51 | 44.83 | 50.34 | OK | |
r-release-linux-x86_64 | 1.1.0 | 4.54 | 44.81 | 49.35 | OK | |
r-release-macos-arm64 | 1.1.0 | 3.00 | 30.00 | 33.00 | OK | |
r-release-macos-x86_64 | 1.1.0 | 4.00 | 68.00 | 72.00 | OK | |
r-release-windows-x86_64 | 1.1.0 | 10.00 | 73.00 | 83.00 | OK | |
r-oldrel-macos-arm64 | 1.1.0 | 2.00 | 31.00 | 33.00 | NOTE | |
r-oldrel-macos-x86_64 | 1.1.0 | 7.00 | 58.00 | 65.00 | NOTE | |
r-oldrel-windows-x86_64 | 1.1.0 | 11.00 | 86.00 | 97.00 | NOTE |
Version: 1.1.0
Check: HTML version of manual
Result: NOTE
Found the following HTML validation problems:
B4.html:41:1 (B4.Rd:8): Warning: missing </ul> before </div>
C12.html:41:1 (C12.Rd:8): Warning: missing </ul> before </div>
C13.html:40:1 (C13.Rd:7): Warning: missing </ul> before </div>
C50.html:41:1 (C50.Rd:7): Warning: missing </ul> before </div>
D9.html:40:1 (D9.Rd:7): Warning: missing </ul> before </div>
M1.html:40:1 (M1.Rd:7): Warning: missing </ul> before </div>
S10.html:42:1 (S10.Rd:8): Warning: missing </ul> before </div>
S33.html:41:1 (S33.Rd:7): Warning: missing </ul> before </div>
S40.html:41:1 (S40.Rd:7): Warning: missing </ul> before </div>
Flavor: r-devel-linux-x86_64-debian-clang
Version: 1.1.0
Check: LazyData
Result: NOTE
'LazyData' is specified without a 'data' directory
Flavors: r-oldrel-macos-arm64, r-oldrel-macos-x86_64, r-oldrel-windows-x86_64
These binaries (installable software) and packages are in development.
They may not be fully stable and should be used with caution. We make no claims about them.