Last updated on 2025-10-23 17:50:59 CEST.
Flavor | Version | Tinstall | Tcheck | Ttotal | Status | Flags |
---|---|---|---|---|---|---|
r-devel-linux-x86_64-debian-clang | 1.3 | 11.10 | 96.39 | 107.49 | OK | |
r-devel-linux-x86_64-debian-gcc | 1.3 | 7.04 | 67.08 | 74.12 | ERROR | |
r-devel-linux-x86_64-fedora-clang | 1.3 | 35.00 | 131.77 | 166.77 | OK | |
r-devel-linux-x86_64-fedora-gcc | 1.3 | 22.00 | 127.19 | 149.19 | OK | |
r-devel-windows-x86_64 | 1.3 | 13.00 | 90.00 | 103.00 | OK | |
r-patched-linux-x86_64 | 1.3 | 8.91 | 86.01 | 94.92 | OK | |
r-release-linux-x86_64 | 1.3 | 9.73 | 87.61 | 97.34 | OK | |
r-release-macos-arm64 | 1.3 | 4.00 | 33.00 | 37.00 | OK | |
r-release-macos-x86_64 | 1.3 | 10.00 | 78.00 | 88.00 | OK | |
r-release-windows-x86_64 | 1.3 | 12.00 | 95.00 | 107.00 | OK | |
r-oldrel-macos-arm64 | 1.3 | 4.00 | 42.00 | 46.00 | OK | |
r-oldrel-macos-x86_64 | 1.3 | 11.00 | 79.00 | 90.00 | OK | |
r-oldrel-windows-x86_64 | 1.3 | 14.00 | 120.00 | 134.00 | OK |
Version: 1.3
Check: tests
Result: ERROR
Running ‘run-all.R’ [3s/4s]
Running the tests in ‘tests/run-all.R’ failed.
Complete output:
> library(testthat)
> library(mlr)
Loading required package: ParamHelpers
>
> test_check("RBPcurve")
Loading required package: RBPcurve
[ FAIL 1 | WARN 0 | SKIP 0 | PASS 11 ]
══ Failed tests ════════════════════════════════════════════════════════════════
── Error ('test_add.R:18:9'): add_functions ────────────────────────────────────
Error in `rect(y1, x1, y2, x2, ...)`: invalid graphics state
Backtrace:
▆
1. └─RBPcurve (local) checkAdd(fun = k, obj = obj, plot.values = i, show.info = j) at test_add.R:18:9
2. ├─base::do.call(fun, fun.arg) at test_add.R:9:3
3. └─RBPcurve::addWellCalib(obj = `<S3: RBPObj>`, plot.values = TRUE)
4. ├─TeachingDemos::subplot(...)
5. ├─base::do.call(...)
6. ├─graphics::barplot(...)
7. └─graphics::barplot.default(...)
8. └─graphics (local) xyrect(...)
9. └─graphics::rect(y1, x1, y2, x2, ...)
[ FAIL 1 | WARN 0 | SKIP 0 | PASS 11 ]
Error: Test failures
Execution halted
Flavor: r-devel-linux-x86_64-debian-gcc
These binaries (installable software) and packages are in development.
They may not be fully stable and should be used with caution. We make no claims about them.