CRAN Package Check Results for Package RBPcurve

Last updated on 2025-02-19 08:50:53 CET.

Flavor Version Tinstall Tcheck Ttotal Status Flags
r-devel-linux-x86_64-debian-clang 1.2 9.68 81.38 91.06 NOTE
r-devel-linux-x86_64-debian-gcc 1.2 6.27 55.55 61.82 NOTE
r-devel-linux-x86_64-fedora-clang 1.2 135.67 OK
r-devel-linux-x86_64-fedora-gcc 1.2 131.97 OK
r-devel-macos-arm64 1.2 41.00 OK
r-devel-macos-x86_64 1.2 77.00 OK
r-devel-windows-x86_64 1.2 10.00 83.00 93.00 NOTE
r-patched-linux-x86_64 1.2 13.78 71.54 85.32 OK
r-release-linux-x86_64 1.2 8.28 72.31 80.59 OK
r-release-macos-arm64 1.2 41.00 OK
r-release-macos-x86_64 1.2 79.00 OK
r-release-windows-x86_64 1.2 9.00 83.00 92.00 OK
r-oldrel-macos-arm64 1.2 45.00 OK
r-oldrel-macos-x86_64 1.2 71.00 OK
r-oldrel-windows-x86_64 1.2 13.00 100.00 113.00 OK

Check Details

Version: 1.2
Check: Rd cross-references
Result: NOTE Found the following Rd file(s) with Rd \link{} targets missing package anchors: addWellCalib.Rd: subplot Please provide package anchors for all Rd \link{} targets not in the package itself and the base packages. Flavors: r-devel-linux-x86_64-debian-clang, r-devel-linux-x86_64-debian-gcc, r-devel-windows-x86_64

These binaries (installable software) and packages are in development.
They may not be fully stable and should be used with caution. We make no claims about them.