Last updated on 2025-02-19 16:51:01 CET.
Flavor | Version | Tinstall | Tcheck | Ttotal | Status | Flags |
---|---|---|---|---|---|---|
r-devel-linux-x86_64-debian-clang | 1.8-1 | 170.74 | 199.79 | 370.53 | OK | |
r-devel-linux-x86_64-debian-gcc | 1.8-1 | 151.01 | 149.17 | 300.18 | OK | |
r-devel-linux-x86_64-fedora-clang | 1.8-1 | 592.36 | OK | |||
r-devel-linux-x86_64-fedora-gcc | 1.8-1 | 687.66 | OK | |||
r-devel-macos-arm64 | 1.8-1 | 155.00 | OK | |||
r-devel-macos-x86_64 | 1.8-1 | 643.00 | OK | |||
r-devel-windows-x86_64 | 1.8-1 | 153.00 | 230.00 | 383.00 | OK | |
r-patched-linux-x86_64 | 1.8-1 | 196.35 | 206.14 | 402.49 | NOTE | |
r-release-linux-x86_64 | 1.8-1 | 197.57 | 209.02 | 406.59 | NOTE | |
r-release-macos-arm64 | 1.8-1 | 87.00 | NOTE | |||
r-release-macos-x86_64 | 1.8-1 | 161.00 | NOTE | |||
r-release-windows-x86_64 | 1.8-1 | 157.00 | 228.00 | 385.00 | NOTE | |
r-oldrel-macos-arm64 | 1.8-0 | 210.00 | NOTE | |||
r-oldrel-macos-x86_64 | 1.8-1 | 303.00 | NOTE | |||
r-oldrel-windows-x86_64 | 1.8-1 | 219.00 | 278.00 | 497.00 | NOTE |
Version: 1.8-1
Check: for GNU extensions in Makefiles
Result: NOTE
GNU make is a SystemRequirements.
Flavors: r-patched-linux-x86_64, r-release-linux-x86_64, r-release-macos-arm64, r-release-macos-x86_64, r-release-windows-x86_64, r-oldrel-macos-x86_64, r-oldrel-windows-x86_64
Version: 1.8-1
Check: installed package size
Result: NOTE
installed size is 65.8Mb
sub-directories of 1Mb or more:
libs 63.9Mb
Flavors: r-release-macos-arm64, r-release-macos-x86_64, r-oldrel-macos-x86_64
Version: 1.8-0
Check: installed package size
Result: NOTE
installed size is 65.8Mb
sub-directories of 1Mb or more:
libs 63.9Mb
Flavor: r-oldrel-macos-arm64
Version: 1.8-0
Check: for GNU extensions in Makefiles
Result: NOTE
GNU make is a SystemRequirements.
Flavor: r-oldrel-macos-arm64
These binaries (installable software) and packages are in development.
They may not be fully stable and should be used with caution. We make no claims about them.