Last updated on 2025-10-24 13:49:47 CEST.
| Flavor | Version | Tinstall | Tcheck | Ttotal | Status | Flags |
|---|---|---|---|---|---|---|
| r-devel-linux-x86_64-debian-clang | 1.1 | 9.80 | 87.08 | 96.88 | NOTE | |
| r-devel-linux-x86_64-debian-gcc | 1.1 | 7.58 | 62.13 | 69.71 | NOTE | |
| r-devel-linux-x86_64-fedora-clang | 1.1 | 35.00 | 118.62 | 153.62 | OK | |
| r-devel-linux-x86_64-fedora-gcc | 1.1 | 23.00 | 115.72 | 138.72 | OK | |
| r-devel-windows-x86_64 | 1.1 | 12.00 | 90.00 | 102.00 | OK | |
| r-patched-linux-x86_64 | 1.1 | 9.99 | 80.30 | 90.29 | OK | |
| r-release-linux-x86_64 | 1.1 | 9.66 | 80.45 | 90.11 | OK | |
| r-release-macos-arm64 | 1.1 | 5.00 | 37.00 | 42.00 | OK | |
| r-release-macos-x86_64 | 1.1 | 9.00 | 67.00 | 76.00 | OK | |
| r-release-windows-x86_64 | 1.1 | 11.00 | 92.00 | 103.00 | OK | |
| r-oldrel-macos-arm64 | 1.1 | 4.00 | 34.00 | 38.00 | NOTE | |
| r-oldrel-macos-x86_64 | 1.1 | 7.00 | 54.00 | 61.00 | NOTE | |
| r-oldrel-windows-x86_64 | 1.1 | 16.00 | 112.00 | 128.00 | NOTE |
Version: 1.1
Check: CRAN incoming feasibility
Result: NOTE
Maintainer: ‘Serguei Rouzinov <rouzinovs@gmail.com>’
No Authors@R field in DESCRIPTION.
Please add one, modifying
Authors@R: c(person(given = "Serguei",
family = "Rouzinov",
role = c("aut", "cre"),
email = "rouzinovs@gmail.com"),
person(given = "André",
family = "Berchtold",
role = "aut"))
as necessary.
Flavors: r-devel-linux-x86_64-debian-clang, r-devel-linux-x86_64-debian-gcc
Version: 1.1
Check: LazyData
Result: NOTE
'LazyData' is specified without a 'data' directory
Flavors: r-oldrel-macos-arm64, r-oldrel-macos-x86_64, r-oldrel-windows-x86_64
These binaries (installable software) and packages are in development.
They may not be fully stable and should be used with caution. We make no claims about them.