Last updated on 2025-05-01 08:52:43 CEST.
Flavor | Version | Tinstall | Tcheck | Ttotal | Status | Flags |
---|---|---|---|---|---|---|
r-devel-linux-x86_64-debian-clang | 1.0 | 6.27 | 56.15 | 62.42 | NOTE | |
r-devel-linux-x86_64-debian-gcc | 1.0 | 4.69 | 39.86 | 44.55 | OK | |
r-devel-linux-x86_64-fedora-clang | 1.0 | 103.21 | OK | |||
r-devel-linux-x86_64-fedora-gcc | 1.0 | 107.04 | OK | |||
r-devel-windows-x86_64 | 1.0 | 7.00 | 78.00 | 85.00 | OK | |
r-patched-linux-x86_64 | 1.0 | 6.51 | 52.55 | 59.06 | OK | |
r-release-linux-x86_64 | OK | |||||
r-release-macos-arm64 | 1.0 | 45.00 | OK | |||
r-release-macos-x86_64 | 1.0 | 73.00 | OK | |||
r-release-windows-x86_64 | 1.0 | 8.00 | 80.00 | 88.00 | OK | |
r-oldrel-macos-arm64 | 1.0 | 46.00 | OK | |||
r-oldrel-macos-x86_64 | 1.0 | 82.00 | OK | |||
r-oldrel-windows-x86_64 | 1.0 | 9.00 | 97.00 | 106.00 | OK |
Version: 1.0
Check: examples
Result: NOTE
Examples with CPU (user + system) or elapsed time > 5s
user system elapsed
run_RCNA.default 0.206 0.003 9.596
correct_gc_bias.default 0.070 0.012 5.220
Flavor: r-devel-linux-x86_64-debian-clang
Version: 1.0
Check: examples
Result: NA
user system elapsed
run_RCNA.default 0.165 0.018 7.183
OK
Flavor: r-devel-linux-x86_64-debian-gcc
These binaries (installable software) and packages are in development.
They may not be fully stable and should be used with caution. We make no claims about them.