Last updated on 2025-05-21 23:48:53 CEST.
Flavor | Version | Tinstall | Tcheck | Ttotal | Status | Flags |
---|---|---|---|---|---|---|
r-devel-linux-x86_64-debian-clang | 0.2.6 | 49.20 | 369.60 | 418.80 | OK | |
r-devel-linux-x86_64-debian-gcc | 0.2.6 | 37.20 | 268.31 | 305.51 | OK | |
r-devel-linux-x86_64-fedora-clang | 0.2.6 | 695.63 | OK | |||
r-devel-linux-x86_64-fedora-gcc | 0.2.6 | 643.11 | OK | |||
r-devel-windows-x86_64 | 0.2.6 | 50.00 | 325.00 | 375.00 | OK | |
r-patched-linux-x86_64 | 0.2.6 | 42.86 | 344.95 | 387.81 | OK | |
r-release-linux-x86_64 | 0.2.6 | 47.64 | 342.92 | 390.56 | OK | |
r-release-macos-arm64 | 0.2.6 | 167.00 | OK | |||
r-release-macos-x86_64 | 0.2.6 | 314.00 | OK | |||
r-release-windows-x86_64 | 0.2.6 | 48.00 | 323.00 | 371.00 | OK | |
r-oldrel-macos-arm64 | 0.2.6 | 175.00 | NOTE | |||
r-oldrel-macos-x86_64 | 0.2.6 | 387.00 | NOTE | |||
r-oldrel-windows-x86_64 | 0.2.6 | 64.00 | 430.00 | 494.00 | NOTE |
Version: 0.2.6
Check: package dependencies
Result: NOTE
Packages suggested but not available for checking:
'hgu133plus2.db', 'pd.hg.u133.plus.2'
Flavor: r-oldrel-macos-arm64
Version: 0.2.6
Check: package dependencies
Result: NOTE
Package suggested but not available for checking: ‘pd.hg.u133.plus.2’
Flavors: r-oldrel-macos-x86_64, r-oldrel-windows-x86_64
These binaries (installable software) and packages are in development.
They may not be fully stable and should be used with caution. We make no claims about them.