Last updated on 2024-07-27 15:50:30 CEST.
Flavor | Version | Tinstall | Tcheck | Ttotal | Status | Flags |
---|---|---|---|---|---|---|
r-devel-linux-x86_64-debian-clang | 0.2.3 | 57.44 | 435.18 | 492.62 | OK | |
r-devel-linux-x86_64-debian-gcc | 0.2.3 | OK | ||||
r-devel-linux-x86_64-fedora-clang | 0.2.3 | 645.50 | OK | |||
r-devel-linux-x86_64-fedora-gcc | 0.2.3 | 637.57 | OK | |||
r-devel-windows-x86_64 | 0.2.3 | 44.00 | 296.00 | 340.00 | OK | |
r-patched-linux-x86_64 | 0.2.3 | OK | ||||
r-release-linux-x86_64 | 0.2.3 | 35.14 | 411.29 | 446.43 | OK | |
r-release-macos-arm64 | 0.2.3 | 181.00 | NOTE | |||
r-release-macos-x86_64 | 0.2.3 | 414.00 | OK | |||
r-release-windows-x86_64 | 0.2.3 | 42.00 | 304.00 | 346.00 | OK | |
r-oldrel-macos-arm64 | 0.2.3 | 182.00 | NOTE | |||
r-oldrel-macos-x86_64 | 0.2.3 | 306.00 | NOTE | |||
r-oldrel-windows-x86_64 | 0.2.3 | 61.00 | 432.00 | 493.00 | OK |
Version: 0.2.3
Check: package dependencies
Result: NOTE
Package suggested but not available for checking: ‘hgu133plus2.db’
Flavor: r-release-macos-arm64
Version: 0.2.3
Check: package dependencies
Result: NOTE
Packages suggested but not available for checking:
'ROntoTools', 'hgu133plus2.db', 'oligo'
Flavors: r-oldrel-macos-arm64, r-oldrel-macos-x86_64
These binaries (installable software) and packages are in development.
They may not be fully stable and should be used with caution. We make no claims about them.