CRAN Package Check Results for Package RCT

Last updated on 2025-05-08 04:52:16 CEST.

Flavor Version Tinstall Tcheck Ttotal Status Flags
r-devel-linux-x86_64-debian-clang 1.2 6.45 55.79 62.24 NOTE
r-devel-linux-x86_64-debian-gcc 1.2 4.14 39.38 43.52 NOTE
r-devel-linux-x86_64-fedora-clang 1.2 89.20 OK
r-devel-linux-x86_64-fedora-gcc 1.2 112.08 OK
r-devel-windows-x86_64 1.2 7.00 70.00 77.00 OK
r-patched-linux-x86_64 1.2 6.00 52.27 58.27 OK
r-release-linux-x86_64 1.2 5.76 52.34 58.10 OK
r-release-macos-arm64 1.2 41.00 OK
r-release-macos-x86_64 1.2 79.00 OK
r-release-windows-x86_64 1.2 8.00 71.00 79.00 OK
r-oldrel-macos-arm64 1.2 37.00 OK
r-oldrel-macos-x86_64 1.2 55.00 OK
r-oldrel-windows-x86_64 1.2 10.00 84.00 94.00 OK

Check Details

Version: 1.2
Check: CRAN incoming feasibility
Result: NOTE Maintainer: ‘Isidoro Garcia-Urquieta <isidoro.gu@gmail.com>’ The Description field contains <arXiv:1607.00698>. Please refer to arXiv e-prints via their arXiv DOI <doi:10.48550/arXiv.YYMM.NNNNN>. Flavors: r-devel-linux-x86_64-debian-clang, r-devel-linux-x86_64-debian-gcc

These binaries (installable software) and packages are in development.
They may not be fully stable and should be used with caution. We make no claims about them.