Last updated on 2025-10-10 05:50:12 CEST.
Flavor | Version | Tinstall | Tcheck | Ttotal | Status | Flags |
---|---|---|---|---|---|---|
r-devel-linux-x86_64-debian-clang | 1.2 | 6.83 | 65.16 | 71.99 | NOTE | |
r-devel-linux-x86_64-debian-gcc | 1.2 | 5.14 | 49.70 | 54.84 | NOTE | |
r-devel-linux-x86_64-fedora-clang | 1.2 | 118.34 | OK | |||
r-devel-linux-x86_64-fedora-gcc | 1.2 | 125.54 | OK | |||
r-devel-windows-x86_64 | 1.2 | 8.00 | 80.00 | 88.00 | OK | |
r-patched-linux-x86_64 | 1.2 | 6.02 | 62.06 | 68.08 | OK | |
r-release-linux-x86_64 | 1.2 | 6.67 | 61.93 | 68.60 | OK | |
r-release-macos-arm64 | 1.2 | 41.00 | OK | |||
r-release-macos-x86_64 | 1.2 | 79.00 | OK | |||
r-release-windows-x86_64 | 1.2 | 9.00 | 76.00 | 85.00 | OK | |
r-oldrel-macos-arm64 | 1.2 | 37.00 | OK | |||
r-oldrel-macos-x86_64 | 1.2 | 55.00 | OK | |||
r-oldrel-windows-x86_64 | 1.2 | 10.00 | 100.00 | 110.00 | OK |
Version: 1.2
Check: CRAN incoming feasibility
Result: NOTE
Maintainer: ‘Isidoro Garcia-Urquieta <isidoro.gu@gmail.com>’
The Description field contains
<arXiv:1607.00698>.
Please refer to arXiv e-prints via their arXiv DOI <doi:10.48550/arXiv.YYMM.NNNNN>.
Flavors: r-devel-linux-x86_64-debian-clang, r-devel-linux-x86_64-debian-gcc
These binaries (installable software) and packages are in development.
They may not be fully stable and should be used with caution. We make no claims about them.