Last updated on 2025-02-21 15:52:02 CET.
Flavor | Version | Tinstall | Tcheck | Ttotal | Status | Flags |
---|---|---|---|---|---|---|
r-devel-linux-x86_64-debian-clang | 0.1.24 | 15.03 | 41.15 | 56.18 | NOTE | |
r-devel-linux-x86_64-debian-gcc | 0.1.24 | 11.87 | 28.78 | 40.65 | NOTE | |
r-devel-linux-x86_64-fedora-clang | 0.1.24 | 92.62 | NOTE | |||
r-devel-linux-x86_64-fedora-gcc | 0.1.24 | 94.25 | NOTE | |||
r-devel-macos-arm64 | 0.1.24 | 30.00 | OK | |||
r-devel-macos-x86_64 | 0.1.24 | 74.00 | NOTE | |||
r-devel-windows-x86_64 | 0.1.24 | 18.00 | 76.00 | 94.00 | NOTE | |
r-patched-linux-x86_64 | 0.1.24 | 15.61 | 39.37 | 54.98 | OK | |
r-release-linux-x86_64 | 0.1.24 | 14.67 | 39.97 | 54.64 | OK | |
r-release-macos-arm64 | 0.1.24 | 31.00 | OK | |||
r-release-macos-x86_64 | 0.1.24 | 71.00 | OK | |||
r-release-windows-x86_64 | 0.1.24 | 17.00 | 76.00 | 93.00 | OK | |
r-oldrel-macos-arm64 | 0.1.24 | 32.00 | OK | |||
r-oldrel-macos-x86_64 | 0.1.24 | 74.00 | OK | |||
r-oldrel-windows-x86_64 | 0.1.24 | 22.00 | 90.00 | 112.00 | OK |
Version: 0.1.24
Check: DESCRIPTION meta-information
Result: NOTE
Missing dependency on R >= 4.2.0 because package code uses the pipe
placeholder syntax added in R 4.2.0.
File(s) using such syntax:
‘00_console.R’ ‘02_helpers.R’ ‘exports.R’
Flavors: r-devel-linux-x86_64-debian-clang, r-devel-linux-x86_64-debian-gcc, r-devel-linux-x86_64-fedora-clang, r-devel-linux-x86_64-fedora-gcc, r-devel-windows-x86_64
Version: 0.1.24
Check: DESCRIPTION meta-information
Result: NOTE
Missing dependency on R >= 4.1.0 because package code uses the pipe
|> or function shorthand \(...) syntax added in R 4.1.0.
File(s) using such syntax:
‘00_console.R’ ‘01_checks.R’ ‘02_helpers.R’ ‘exports.R’
Flavor: r-devel-macos-x86_64
These binaries (installable software) and packages are in development.
They may not be fully stable and should be used with caution. We make no claims about them.