Last updated on 2025-05-02 16:55:47 CEST.
Flavor | Version | Tinstall | Tcheck | Ttotal | Status | Flags |
---|---|---|---|---|---|---|
r-devel-linux-x86_64-debian-clang | 1.0.3 | 4.62 | 62.46 | 67.08 | OK | |
r-devel-linux-x86_64-debian-gcc | 1.0.3 | 3.62 | 46.87 | 50.49 | OK | |
r-devel-linux-x86_64-fedora-clang | 1.0.3 | 103.01 | NOTE | |||
r-devel-linux-x86_64-fedora-gcc | 1.0.3 | 100.12 | NOTE | |||
r-devel-windows-x86_64 | 1.0.3 | 6.00 | 92.00 | 98.00 | OK | |
r-patched-linux-x86_64 | 1.0.3 | 4.83 | 58.60 | 63.43 | OK | |
r-release-linux-x86_64 | OK | |||||
r-release-macos-arm64 | 1.0.3 | 37.00 | OK | |||
r-release-macos-x86_64 | 1.0.3 | 63.00 | OK | |||
r-release-windows-x86_64 | 1.0.3 | 6.00 | 88.00 | 94.00 | OK | |
r-oldrel-macos-arm64 | 1.0.3 | 33.00 | NOTE | |||
r-oldrel-macos-x86_64 | 1.0.3 | 47.00 | NOTE | |||
r-oldrel-windows-x86_64 | 1.0.3 | 7.00 | 97.00 | 104.00 | NOTE |
Version: 1.0.3
Check: dependencies in R code
Result: NOTE
Namespace in Imports field not imported from: ‘Rdpack’
All declared Imports should be used.
Flavors: r-devel-linux-x86_64-fedora-clang, r-devel-linux-x86_64-fedora-gcc
Version: 1.0.3
Check: LazyData
Result: NOTE
'LazyData' is specified without a 'data' directory
Flavors: r-oldrel-macos-arm64, r-oldrel-macos-x86_64, r-oldrel-windows-x86_64
These binaries (installable software) and packages are in development.
They may not be fully stable and should be used with caution. We make no claims about them.