CRAN Package Check Results for Package RChest

Last updated on 2025-02-16 10:50:56 CET.

Flavor Version Tinstall Tcheck Ttotal Status Flags
r-devel-linux-x86_64-debian-clang 1.0.3 5.01 61.01 66.02 OK
r-devel-linux-x86_64-debian-gcc 1.0.3 3.76 46.22 49.98 OK
r-devel-linux-x86_64-fedora-clang 1.0.3 112.52 NOTE
r-devel-linux-x86_64-fedora-gcc 1.0.3 99.97 NOTE
r-devel-macos-arm64 1.0.3 34.00 OK
r-devel-macos-x86_64 1.0.3 65.00 OK
r-devel-windows-x86_64 1.0.3 6.00 99.00 105.00 OK
r-patched-linux-x86_64 1.0.3 4.73 57.76 62.49 NOTE
r-release-linux-x86_64 1.0.3 4.26 57.73 61.99 NOTE
r-release-macos-arm64 1.0.3 33.00 NOTE
r-release-macos-x86_64 1.0.3 47.00 NOTE
r-release-windows-x86_64 1.0.3 6.00 88.00 94.00 NOTE
r-oldrel-macos-arm64 1.0.3 34.00 NOTE
r-oldrel-macos-x86_64 1.0.3 55.00 NOTE
r-oldrel-windows-x86_64 1.0.3 8.00 99.00 107.00 NOTE

Check Details

Version: 1.0.3
Check: dependencies in R code
Result: NOTE Namespace in Imports field not imported from: ‘Rdpack’ All declared Imports should be used. Flavors: r-devel-linux-x86_64-fedora-clang, r-devel-linux-x86_64-fedora-gcc

Version: 1.0.3
Check: LazyData
Result: NOTE 'LazyData' is specified without a 'data' directory Flavors: r-patched-linux-x86_64, r-release-linux-x86_64, r-release-macos-arm64, r-release-macos-x86_64, r-release-windows-x86_64, r-oldrel-macos-arm64, r-oldrel-macos-x86_64, r-oldrel-windows-x86_64

These binaries (installable software) and packages are in development.
They may not be fully stable and should be used with caution. We make no claims about them.