Last updated on 2025-10-23 23:49:41 CEST.
| Flavor | Version | Tinstall | Tcheck | Ttotal | Status | Flags |
|---|---|---|---|---|---|---|
| r-devel-linux-x86_64-debian-clang | 0.4 | 3.60 | 40.97 | 44.57 | NOTE | |
| r-devel-linux-x86_64-debian-gcc | 0.4 | 1.80 | 30.88 | 32.68 | NOTE | |
| r-devel-linux-x86_64-fedora-clang | 0.4 | 65.92 | NOTE | |||
| r-devel-linux-x86_64-fedora-gcc | 0.4 | 63.67 | NOTE | |||
| r-devel-windows-x86_64 | 0.4 | 5.00 | 70.00 | 75.00 | OK | |
| r-patched-linux-x86_64 | 0.4 | 3.30 | 39.34 | 42.64 | NOTE | |
| r-release-linux-x86_64 | 0.4 | 3.17 | 39.14 | 42.31 | NOTE | |
| r-release-macos-arm64 | 0.4 | 2.00 | 24.00 | 26.00 | OK | |
| r-release-macos-x86_64 | 0.4 | 3.00 | 55.00 | 58.00 | OK | |
| r-release-windows-x86_64 | 0.4 | 6.00 | 68.00 | 74.00 | OK | |
| r-oldrel-macos-arm64 | 0.4 | 2.00 | 25.00 | 27.00 | OK | |
| r-oldrel-macos-x86_64 | 0.4 | 3.00 | 43.00 | 46.00 | OK | |
| r-oldrel-windows-x86_64 | 0.4 | 7.00 | 77.00 | 84.00 | OK |
Version: 0.4
Check: CRAN incoming feasibility
Result: NOTE
Maintainer: ‘Anne Philippe <anne.philippe@univ-nantes.fr>’
No Authors@R field in DESCRIPTION.
Please add one, modifying
Authors@R: c(person(given = "Anne",
family = "Philippe",
role = c("aut", "cre"),
email = "anne.philippe@univ-nantes.fr"),
person(given = "Marie-Anne",
family = "Vibet",
role = "aut"))
as necessary.
Flavors: r-devel-linux-x86_64-debian-clang, r-devel-linux-x86_64-debian-gcc
Version: 0.4
Check: for non-standard things in the check directory
Result: NOTE
Found the following files/directories:
‘data.csv’
Flavors: r-devel-linux-x86_64-debian-clang, r-devel-linux-x86_64-debian-gcc, r-devel-linux-x86_64-fedora-clang, r-devel-linux-x86_64-fedora-gcc, r-patched-linux-x86_64, r-release-linux-x86_64
These binaries (installable software) and packages are in development.
They may not be fully stable and should be used with caution. We make no claims about them.