CRAN Package Check Results for Package RClimacell

Last updated on 2025-02-16 10:50:56 CET.

Flavor Version Tinstall Tcheck Ttotal Status Flags
r-devel-linux-x86_64-debian-clang 0.1.4 5.90 47.02 52.92 OK
r-devel-linux-x86_64-debian-gcc 0.1.4 3.78 33.37 37.15 OK
r-devel-linux-x86_64-fedora-clang 0.1.4 89.02 OK
r-devel-linux-x86_64-fedora-gcc 0.1.4 92.21 OK
r-devel-macos-arm64 0.1.4 37.00 OK
r-devel-macos-x86_64 0.1.4 69.00 OK
r-devel-windows-x86_64 0.1.4 7.00 62.00 69.00 OK
r-patched-linux-x86_64 0.1.4 5.19 42.75 47.94 NOTE
r-release-linux-x86_64 0.1.4 5.25 42.86 48.11 NOTE
r-release-macos-arm64 0.1.4 37.00 NOTE
r-release-macos-x86_64 0.1.4 66.00 NOTE
r-release-windows-x86_64 0.1.4 8.00 63.00 71.00 NOTE
r-oldrel-macos-arm64 0.1.4 35.00 NOTE
r-oldrel-macos-x86_64 0.1.4 51.00 NOTE
r-oldrel-windows-x86_64 0.1.4 8.00 75.00 83.00 NOTE

Check Details

Version: 0.1.4
Check: LazyData
Result: NOTE 'LazyData' is specified without a 'data' directory Flavors: r-patched-linux-x86_64, r-release-linux-x86_64, r-release-macos-arm64, r-release-macos-x86_64, r-release-windows-x86_64, r-oldrel-macos-arm64, r-oldrel-macos-x86_64, r-oldrel-windows-x86_64

These binaries (installable software) and packages are in development.
They may not be fully stable and should be used with caution. We make no claims about them.