CRAN Package Check Results for Package RCognito

Last updated on 2025-11-12 23:50:55 CET.

Flavor Version Tinstall Tcheck Ttotal Status Flags
r-devel-linux-x86_64-debian-clang 0.1.0 2.58 31.17 33.75 NOTE
r-devel-linux-x86_64-debian-gcc 0.1.0 2.30 25.10 27.40 NOTE
r-devel-linux-x86_64-fedora-clang 0.1.0 51.39 NOTE
r-devel-linux-x86_64-fedora-gcc 0.1.0 46.20 NOTE
r-devel-windows-x86_64 0.1.0 5.00 53.00 58.00 NOTE
r-patched-linux-x86_64 0.1.0 3.43 28.46 31.89 NOTE
r-release-linux-x86_64 0.1.0 3.43 28.40 31.83 NOTE
r-release-macos-arm64 0.1.0 2.00 20.00 22.00 NOTE
r-release-macos-x86_64 0.1.0 3.00 34.00 37.00 NOTE
r-release-windows-x86_64 0.1.0 6.00 48.00 54.00 NOTE
r-oldrel-macos-arm64 0.1.0 1.00 189.00 190.00 OK
r-oldrel-macos-x86_64 0.1.0 2.00 196.00 198.00 OK
r-oldrel-windows-x86_64 0.1.0 6.00 54.00 60.00 OK

Check Details

Version: 0.1.0
Check: DESCRIPTION meta-information
Result: NOTE Missing dependency on R >= 4.1.0 because package code uses the pipe |> or function shorthand \(...) syntax added in R 4.1.0. File(s) using such syntax: ‘utils.R’ Flavors: r-devel-linux-x86_64-debian-clang, r-devel-linux-x86_64-debian-gcc, r-devel-linux-x86_64-fedora-clang, r-devel-linux-x86_64-fedora-gcc, r-devel-windows-x86_64, r-patched-linux-x86_64, r-release-linux-x86_64, r-release-macos-arm64, r-release-macos-x86_64, r-release-windows-x86_64

These binaries (installable software) and packages are in development.
They may not be fully stable and should be used with caution. We make no claims about them.