CRAN Package Check Results for Package RCognito

Last updated on 2025-02-16 10:50:56 CET.

Flavor Version Tinstall Tcheck Ttotal Status Flags
r-devel-linux-x86_64-debian-clang 0.1.0 3.53 27.81 31.34 NOTE
r-devel-linux-x86_64-debian-gcc 0.1.0 2.35 22.83 25.18 NOTE
r-devel-linux-x86_64-fedora-clang 0.1.0 52.42 NOTE
r-devel-linux-x86_64-fedora-gcc 0.1.0 49.22 NOTE
r-devel-macos-arm64 0.1.0 18.00 OK
r-devel-macos-x86_64 0.1.0 31.00 NOTE
r-devel-windows-x86_64 0.1.0 5.00 57.00 62.00 NOTE
r-patched-linux-x86_64 0.1.0 3.01 26.83 29.84 OK
r-release-linux-x86_64 0.1.0 3.16 26.83 29.99 OK
r-release-macos-arm64 0.1.0 190.00 OK
r-release-macos-x86_64 0.1.0 198.00 OK
r-release-windows-x86_64 0.1.0 5.00 47.00 52.00 OK
r-oldrel-macos-arm64 0.1.0 194.00 OK
r-oldrel-macos-x86_64 0.1.0 201.00 OK
r-oldrel-windows-x86_64 0.1.0 5.00 51.00 56.00 OK

Check Details

Version: 0.1.0
Check: DESCRIPTION meta-information
Result: NOTE Missing dependency on R >= 4.1.0 because package code uses the pipe |> or function shorthand \(...) syntax added in R 4.1.0. File(s) using such syntax: ‘utils.R’ Flavors: r-devel-linux-x86_64-debian-clang, r-devel-linux-x86_64-debian-gcc, r-devel-linux-x86_64-fedora-clang, r-devel-linux-x86_64-fedora-gcc, r-devel-macos-x86_64, r-devel-windows-x86_64

These binaries (installable software) and packages are in development.
They may not be fully stable and should be used with caution. We make no claims about them.