Last updated on 2025-02-16 10:50:56 CET.
Flavor | Version | Tinstall | Tcheck | Ttotal | Status | Flags |
---|---|---|---|---|---|---|
r-devel-linux-x86_64-debian-clang | 1.1.1 | 2.44 | 21.85 | 24.29 | OK | |
r-devel-linux-x86_64-debian-gcc | 1.1.1 | 1.85 | 17.02 | 18.87 | OK | |
r-devel-linux-x86_64-fedora-clang | 1.1.1 | 43.38 | OK | |||
r-devel-linux-x86_64-fedora-gcc | 1.1.1 | 39.26 | OK | |||
r-devel-macos-arm64 | 1.1.1 | 16.00 | OK | |||
r-devel-macos-x86_64 | 1.1.1 | 26.00 | OK | |||
r-devel-windows-x86_64 | 1.1.1 | 4.00 | 50.00 | 54.00 | OK | |
r-patched-linux-x86_64 | 1.1.1 | 2.63 | 20.90 | 23.53 | NOTE | |
r-release-linux-x86_64 | 1.1.1 | 2.36 | 20.52 | 22.88 | NOTE | |
r-release-macos-arm64 | 1.1.1 | 16.00 | NOTE | |||
r-release-macos-x86_64 | 1.1.1 | 22.00 | NOTE | |||
r-release-windows-x86_64 | 1.1.1 | 3.00 | 44.00 | 47.00 | NOTE | |
r-oldrel-macos-arm64 | 1.1.1 | 17.00 | NOTE | |||
r-oldrel-macos-x86_64 | 1.1.1 | 22.00 | NOTE | |||
r-oldrel-windows-x86_64 | 1.1.1 | 5.00 | 46.00 | 51.00 | NOTE |
Version: 1.1.1
Check: package dependencies
Result: NOTE
Package suggested but not available for checking: ‘conics’
Flavors: r-patched-linux-x86_64, r-release-linux-x86_64, r-release-macos-arm64, r-release-macos-x86_64, r-release-windows-x86_64, r-oldrel-macos-arm64, r-oldrel-macos-x86_64, r-oldrel-windows-x86_64
These binaries (installable software) and packages are in development.
They may not be fully stable and should be used with caution. We make no claims about them.