Last updated on 2025-10-23 11:50:24 CEST.
Flavor | Version | Tinstall | Tcheck | Ttotal | Status | Flags |
---|---|---|---|---|---|---|
r-devel-linux-x86_64-debian-clang | 1.12.8 | 4.55 | 76.79 | 81.34 | NOTE | |
r-devel-linux-x86_64-debian-gcc | 1.12.8 | 3.60 | 56.71 | 60.31 | OK | |
r-devel-linux-x86_64-fedora-clang | 1.12.8 | 47.00 | 84.10 | 131.10 | OK | |
r-devel-linux-x86_64-fedora-gcc | 1.12.8 | 10.00 | 124.44 | 134.44 | OK | |
r-devel-windows-x86_64 | 1.12.8 | 6.00 | 92.00 | 98.00 | OK | |
r-patched-linux-x86_64 | 1.12.8 | 4.91 | 72.33 | 77.24 | OK | |
r-release-linux-x86_64 | 1.12.8 | 4.46 | 71.60 | 76.06 | OK | |
r-release-macos-arm64 | 1.12.8 | 2.00 | 48.00 | 50.00 | OK | |
r-release-macos-x86_64 | 1.12.8 | 7.00 | 137.00 | 144.00 | OK | |
r-release-windows-x86_64 | 1.12.8 | 6.00 | 91.00 | 97.00 | OK | |
r-oldrel-macos-arm64 | 1.12.8 | 2.00 | 54.00 | 56.00 | OK | |
r-oldrel-macos-x86_64 | 1.12.8 | 4.00 | 137.00 | 141.00 | OK | |
r-oldrel-windows-x86_64 | 1.12.8 | 9.00 | 116.00 | 125.00 | OK |
Version: 1.12.8
Check: HTML version of manual
Result: NOTE
Found the following HTML validation problems:
dot-downloader.html:46:1 (dot-downloader.Rd:10): Warning: missing </ul> before </div>
dot-ok_to_proceed.html:46:1 (dot-ok_to_proceed.Rd:10): Warning: missing </ul> before </div>
Flavor: r-devel-linux-x86_64-debian-clang
These binaries (installable software) and packages are in development.
They may not be fully stable and should be used with caution. We make no claims about them.