Last updated on 2025-02-16 10:50:56 CET.
Flavor | Version | Tinstall | Tcheck | Ttotal | Status | Flags |
---|---|---|---|---|---|---|
r-devel-linux-x86_64-debian-clang | 0.1.1 | 11.23 | 46.52 | 57.75 | NOTE | |
r-devel-linux-x86_64-debian-gcc | 0.1.1 | 8.10 | 32.56 | 40.66 | NOTE | |
r-devel-linux-x86_64-fedora-clang | 0.1.1 | 106.72 | NOTE | |||
r-devel-linux-x86_64-fedora-gcc | 0.1.1 | 92.34 | NOTE | |||
r-devel-macos-arm64 | 0.1.1 | 29.00 | NOTE | |||
r-devel-macos-x86_64 | 0.1.1 | 55.00 | NOTE | |||
r-devel-windows-x86_64 | 0.1.1 | 15.00 | 79.00 | 94.00 | NOTE | |
r-patched-linux-x86_64 | 0.1.1 | 10.95 | 44.12 | 55.07 | NOTE | |
r-release-linux-x86_64 | 0.1.1 | 10.52 | 43.54 | 54.06 | NOTE | |
r-release-macos-arm64 | 0.1.1 | 30.00 | NOTE | |||
r-release-macos-x86_64 | 0.1.1 | 44.00 | NOTE | |||
r-release-windows-x86_64 | 0.1.1 | 16.00 | 74.00 | 90.00 | NOTE | |
r-oldrel-macos-arm64 | 0.1.1 | 34.00 | OK | |||
r-oldrel-macos-x86_64 | 0.1.1 | 50.00 | OK | |||
r-oldrel-windows-x86_64 | 0.1.1 | 18.00 | 121.00 | 139.00 | OK |
Version: 0.1.1
Check: Rd files
Result: NOTE
checkRd: (-1) computeCBMeasure.Rd:26: Lost braces in \itemize; meant \describe ?
checkRd: (-1) computeCBMeasure.Rd:27: Lost braces in \itemize; meant \describe ?
checkRd: (-1) computeCBMeasure.Rd:28: Lost braces in \itemize; meant \describe ?
checkRd: (-1) computeCBMeasure.Rd:29: Lost braces in \itemize; meant \describe ?
checkRd: (-1) computeCBMeasure.Rd:30: Lost braces in \itemize; meant \describe ?
checkRd: (-1) rdm.Rd:52: Lost braces in \itemize; meant \describe ?
checkRd: (-1) rdm.Rd:53: Lost braces in \itemize; meant \describe ?
checkRd: (-1) rdm.Rd:54: Lost braces in \itemize; meant \describe ?
checkRd: (-1) rdm.Rd:55: Lost braces in \itemize; meant \describe ?
checkRd: (-1) rdm.Rd:56: Lost braces in \itemize; meant \describe ?
Flavors: r-devel-linux-x86_64-debian-clang, r-devel-linux-x86_64-debian-gcc, r-devel-linux-x86_64-fedora-clang, r-devel-linux-x86_64-fedora-gcc, r-devel-macos-arm64, r-devel-macos-x86_64, r-devel-windows-x86_64, r-patched-linux-x86_64, r-release-linux-x86_64, r-release-macos-arm64, r-release-macos-x86_64, r-release-windows-x86_64
These binaries (installable software) and packages are in development.
They may not be fully stable and should be used with caution. We make no claims about them.