CRAN Package Check Results for Package RDota2

Last updated on 2025-07-02 05:50:25 CEST.

Flavor Version Tinstall Tcheck Ttotal Status Flags
r-devel-linux-x86_64-debian-clang 0.1.6 2.00 29.53 31.53 OK
r-devel-linux-x86_64-debian-gcc 0.1.6 1.43 23.89 25.32 OK
r-devel-linux-x86_64-fedora-clang 0.1.6 46.02 OK
r-devel-linux-x86_64-fedora-gcc 0.1.6 60.78 OK
r-devel-windows-x86_64 0.1.6 4.00 57.00 61.00 OK
r-patched-linux-x86_64 OK
r-release-linux-x86_64 0.1.6 2.07 27.10 29.17 OK
r-release-macos-arm64 0.1.6 25.00 OK
r-release-macos-x86_64 0.1.6 40.00 OK
r-release-windows-x86_64 0.1.6 3.00 57.00 60.00 OK
r-oldrel-macos-arm64 0.1.6 26.00 NOTE
r-oldrel-macos-x86_64 0.1.6 35.00 NOTE
r-oldrel-windows-x86_64 0.1.6 4.00 61.00 65.00 NOTE

Check Details

Version: 0.1.6
Check: LazyData
Result: NOTE 'LazyData' is specified without a 'data' directory Flavors: r-oldrel-macos-arm64, r-oldrel-macos-x86_64, r-oldrel-windows-x86_64

These binaries (installable software) and packages are in development.
They may not be fully stable and should be used with caution. We make no claims about them.