CRAN Package Check Results for Package RDota2

Last updated on 2025-02-16 10:50:56 CET.

Flavor Version Tinstall Tcheck Ttotal Status Flags
r-devel-linux-x86_64-debian-clang 0.1.6 1.87 27.28 29.15 OK
r-devel-linux-x86_64-debian-gcc 0.1.6 1.64 21.16 22.80 OK
r-devel-linux-x86_64-fedora-clang 0.1.6 51.48 OK
r-devel-linux-x86_64-fedora-gcc 0.1.6 59.04 OK
r-devel-macos-arm64 0.1.6 24.00 OK
r-devel-macos-x86_64 0.1.6 46.00 OK
r-devel-windows-x86_64 0.1.6 3.00 56.00 59.00 OK
r-patched-linux-x86_64 0.1.6 2.61 26.11 28.72 NOTE
r-release-linux-x86_64 0.1.6 1.90 26.25 28.15 NOTE
r-release-macos-arm64 0.1.6 26.00 NOTE
r-release-macos-x86_64 0.1.6 35.00 NOTE
r-release-windows-x86_64 0.1.6 4.00 58.00 62.00 NOTE
r-oldrel-macos-arm64 0.1.6 27.00 NOTE
r-oldrel-macos-x86_64 0.1.6 33.00 NOTE
r-oldrel-windows-x86_64 0.1.6 4.00 68.00 72.00 NOTE

Check Details

Version: 0.1.6
Check: LazyData
Result: NOTE 'LazyData' is specified without a 'data' directory Flavors: r-patched-linux-x86_64, r-release-linux-x86_64, r-release-macos-arm64, r-release-macos-x86_64, r-release-windows-x86_64, r-oldrel-macos-arm64, r-oldrel-macos-x86_64, r-oldrel-windows-x86_64

These binaries (installable software) and packages are in development.
They may not be fully stable and should be used with caution. We make no claims about them.