CRAN Package Check Results for Package RDota2

Last updated on 2025-11-13 01:50:31 CET.

Flavor Version Tinstall Tcheck Ttotal Status Flags
r-devel-linux-x86_64-debian-clang 0.1.6 1.28 31.52 32.80 OK
r-devel-linux-x86_64-debian-gcc 0.1.6 1.50 25.51 27.01 OK
r-devel-linux-x86_64-fedora-clang 0.1.6 50.15 OK
r-devel-linux-x86_64-fedora-gcc 0.1.6 60.65 OK
r-devel-windows-x86_64 0.1.6 4.00 57.00 61.00 OK
r-patched-linux-x86_64 0.1.6 2.67 28.75 31.42 OK
r-release-linux-x86_64 0.1.6 1.54 29.13 30.67 OK
r-release-macos-arm64 0.1.6 1.00 24.00 25.00 OK
r-release-macos-x86_64 0.1.6 2.00 38.00 40.00 OK
r-release-windows-x86_64 0.1.6 4.00 56.00 60.00 OK
r-oldrel-macos-arm64 0.1.6 1.00 25.00 26.00 NOTE
r-oldrel-macos-x86_64 0.1.6 2.00 33.00 35.00 NOTE
r-oldrel-windows-x86_64 0.1.6 5.00 62.00 67.00 NOTE

Check Details

Version: 0.1.6
Check: LazyData
Result: NOTE 'LazyData' is specified without a 'data' directory Flavors: r-oldrel-macos-arm64, r-oldrel-macos-x86_64, r-oldrel-windows-x86_64

These binaries (installable software) and packages are in development.
They may not be fully stable and should be used with caution. We make no claims about them.