CRAN Package Check Results for Package RDota2

Last updated on 2025-10-03 05:53:47 CEST.

Flavor Version Tinstall Tcheck Ttotal Status Flags
r-devel-linux-x86_64-debian-clang 0.1.6 1.91 31.98 33.89 OK
r-devel-linux-x86_64-debian-gcc 0.1.6 1.59 25.19 26.78 OK
r-devel-linux-x86_64-fedora-clang 0.1.6 48.95 OK
r-devel-linux-x86_64-fedora-gcc 0.1.6 59.68 OK
r-devel-windows-x86_64 0.1.6 3.00 58.00 61.00 OK
r-patched-linux-x86_64 0.1.6 2.50 29.03 31.53 OK
r-release-linux-x86_64 0.1.6 1.99 28.94 30.93 OK
r-release-macos-arm64 0.1.6 25.00 OK
r-release-macos-x86_64 0.1.6 40.00 OK
r-release-windows-x86_64 0.1.6 4.00 57.00 61.00 OK
r-oldrel-macos-arm64 0.1.6 26.00 NOTE
r-oldrel-macos-x86_64 0.1.6 35.00 NOTE
r-oldrel-windows-x86_64 0.1.6 4.00 62.00 66.00 NOTE

Check Details

Version: 0.1.6
Check: LazyData
Result: NOTE 'LazyData' is specified without a 'data' directory Flavors: r-oldrel-macos-arm64, r-oldrel-macos-x86_64, r-oldrel-windows-x86_64

These binaries (installable software) and packages are in development.
They may not be fully stable and should be used with caution. We make no claims about them.