Last updated on 2025-10-31 03:50:17 CET.
| Flavor | Version | Tinstall | Tcheck | Ttotal | Status | Flags | 
|---|---|---|---|---|---|---|
| r-devel-linux-x86_64-debian-clang | 3.0.3 | 6.90 | 64.84 | 71.74 | NOTE | |
| r-devel-linux-x86_64-debian-gcc | 3.0.3 | 4.11 | 44.27 | 48.38 | NOTE | |
| r-devel-linux-x86_64-fedora-clang | 3.0.3 | 15.00 | 89.89 | 104.89 | NOTE | |
| r-devel-linux-x86_64-fedora-gcc | 3.0.3 | 14.00 | 81.92 | 95.92 | NOTE | |
| r-devel-windows-x86_64 | 3.0.3 | 7.00 | 91.00 | 98.00 | NOTE | |
| r-patched-linux-x86_64 | 3.0.3 | 9.74 | 60.88 | 70.62 | NOTE | |
| r-release-linux-x86_64 | 3.0.3 | 5.93 | 61.00 | 66.93 | NOTE | |
| r-release-macos-arm64 | 3.0.3 | 2.00 | 25.00 | 27.00 | NOTE | |
| r-release-macos-x86_64 | 3.0.3 | 5.00 | 45.00 | 50.00 | NOTE | |
| r-release-windows-x86_64 | 3.0.3 | 7.00 | 94.00 | 101.00 | NOTE | |
| r-oldrel-macos-arm64 | 3.0.3 | 3.00 | 23.00 | 26.00 | NOTE | |
| r-oldrel-macos-x86_64 | 3.0.3 | 4.00 | 37.00 | 41.00 | NOTE | |
| r-oldrel-windows-x86_64 | 3.0.3 | 8.00 | 89.00 | 97.00 | NOTE | 
Version: 3.0.3
Check: CRAN incoming feasibility
Result: NOTE
  Maintainer: ‘Thomas Wieland <thomas.wieland.geo@googlemail.com>’
  
  No Authors@R field in DESCRIPTION.
  Please add one, modifying
    Authors@R: person(given = "Thomas",
                      family = "Wieland",
                      role = c("aut", "cre"),
                      email = "thomas.wieland.geo@googlemail.com")
  as necessary.
  
  Package CITATION file contains call(s) to old-style citEntry().  Please
  use bibentry() instead.
Flavors: r-devel-linux-x86_64-debian-clang, r-devel-linux-x86_64-debian-gcc
Version: 3.0.3
Check: Rd files
Result: NOTE
  checkRd: (-1) Automotive.Rd:29: Lost braces
      29 | Wikipedia (2018): \dQuote{Automobilindustrie --- Wikipedia{,} Die freie Enzyklopaedie}. \url{https://de.wikipedia.org/wiki/Automobilindustrie} (accessed October 14, 2018). Own postprocessing.
         |                                                           ^
  checkRd: (-1) Automotive.Rd:33: Lost braces
      33 | Wikipedia (2018): \dQuote{Automobilindustrie --- Wikipedia{,} Die freie Enzyklopaedie}. \url{https://de.wikipedia.org/wiki/Automobilindustrie} (accessed October 14, 2018). 
         |                                                           ^
Flavors: r-devel-linux-x86_64-debian-clang, r-devel-linux-x86_64-debian-gcc, r-devel-linux-x86_64-fedora-clang, r-devel-linux-x86_64-fedora-gcc, r-devel-windows-x86_64, r-patched-linux-x86_64, r-release-linux-x86_64, r-release-macos-arm64, r-release-macos-x86_64, r-release-windows-x86_64, r-oldrel-macos-arm64, r-oldrel-macos-x86_64, r-oldrel-windows-x86_64
These binaries (installable software) and packages are in development.
They may not be fully stable and should be used with caution. We make no claims about them.